Last updated on 2025-04-30 02:50:46 CEST.
Flavor | Version | Tinstall | Tcheck | Ttotal | Status | Flags |
---|---|---|---|---|---|---|
r-devel-linux-x86_64-debian-clang | 0.7.2 | 105.76 | 133.09 | 238.85 | NOTE | |
r-devel-linux-x86_64-debian-gcc | 0.7.2 | 72.73 | 94.71 | 167.44 | OK | |
r-devel-linux-x86_64-fedora-clang | 0.7.2 | 432.50 | OK | |||
r-devel-linux-x86_64-fedora-gcc | 0.7.2 | 383.54 | OK | |||
r-devel-windows-x86_64 | 0.7.2 | 117.00 | 196.00 | 313.00 | OK | |
r-patched-linux-x86_64 | 0.7.2 | 91.69 | 122.47 | 214.16 | OK | |
r-release-linux-x86_64 | 0.7.2 | 96.83 | 124.08 | 220.91 | OK | |
r-release-macos-arm64 | 0.7.2 | 86.00 | OK | |||
r-release-macos-x86_64 | 0.7.2 | 120.00 | OK | |||
r-release-windows-x86_64 | 0.7.2 | 122.00 | 195.00 | 317.00 | OK | |
r-oldrel-macos-arm64 | 0.7.2 | 106.00 | NOTE | |||
r-oldrel-macos-x86_64 | 0.7.2 | 137.00 | NOTE | |||
r-oldrel-windows-x86_64 | 0.7.2 | 138.00 | 242.00 | 380.00 | OK |
Version: 0.7.2
Check: examples
Result: NOTE
Examples with CPU (user + system) or elapsed time > 5s
user system elapsed
package_logo 4.054 0.368 7.111
Flavor: r-devel-linux-x86_64-debian-clang
Version: 0.7.2
Check: installed package size
Result: NOTE
installed size is 8.5Mb
sub-directories of 1Mb or more:
libs 8.1Mb
Flavors: r-oldrel-macos-arm64, r-oldrel-macos-x86_64