Last updated on 2024-03-29 01:51:12 CET.
Flavor | Version | Tinstall | Tcheck | Ttotal | Status | Flags |
---|---|---|---|---|---|---|
r-devel-linux-x86_64-debian-clang | 3.0.0.0 | 5.00 | 56.40 | 61.40 | NOTE | |
r-devel-linux-x86_64-debian-gcc | 3.0.0.0 | 5.09 | 42.41 | 47.50 | NOTE | |
r-devel-linux-x86_64-fedora-clang | 3.0.0.0 | 80.53 | NOTE | |||
r-devel-linux-x86_64-fedora-gcc | 3.0.0.0 | 93.71 | NOTE | |||
r-devel-windows-x86_64 | 3.0.0.0 | 6.00 | 80.00 | 86.00 | NOTE | |
r-patched-linux-x86_64 | 3.0.0.0 | 7.08 | 52.71 | 59.79 | NOTE | |
r-release-linux-x86_64 | 3.0.0.0 | 6.45 | 51.75 | 58.20 | OK | |
r-release-macos-arm64 | 3.0.0.0 | 35.00 | OK | |||
r-release-macos-x86_64 | 3.0.0.0 | 51.00 | OK | |||
r-release-windows-x86_64 | 3.0.0.0 | 7.00 | 83.00 | 90.00 | OK | |
r-oldrel-macos-arm64 | 3.0.0.0 | 27.00 | OK | |||
r-oldrel-windows-x86_64 | 3.0.0.0 | 7.00 | 84.00 | 91.00 | OK |
Version: 3.0.0.0
Check: Rd files
Result: NOTE
checkRd: (-1) formula.oglmx.Rd:49: Lost braces
49 | \code{\link{oglmx}}, code{\link[lmtest]{lrtest}}, code{\link{formula}}.
| ^
checkRd: (-1) formula.oglmx.Rd:49: Lost braces
49 | \code{\link{oglmx}}, code{\link[lmtest]{lrtest}}, code{\link{formula}}.
| ^
Flavors: r-devel-linux-x86_64-debian-clang, r-devel-linux-x86_64-debian-gcc, r-devel-linux-x86_64-fedora-clang, r-devel-linux-x86_64-fedora-gcc, r-devel-windows-x86_64, r-patched-linux-x86_64