Last updated on 2024-03-28 01:54:04 CET.
Flavor | Version | Tinstall | Tcheck | Ttotal | Status | Flags |
---|---|---|---|---|---|---|
r-devel-linux-x86_64-debian-clang | 3.0.0 | 106.64 | 227.78 | 334.42 | OK | --no-vignettes |
r-devel-linux-x86_64-debian-gcc | 3.0.0 | 79.23 | 170.60 | 249.83 | OK | --no-vignettes |
r-devel-linux-x86_64-fedora-clang | 3.0.0 | 1050.87 | OK | |||
r-devel-linux-x86_64-fedora-gcc | 3.0.0 | 1050.07 | OK | |||
r-devel-windows-x86_64 | 3.0.0 | 79.00 | 539.00 | 618.00 | NOTE | |
r-patched-linux-x86_64 | 3.0.0 | 99.66 | 222.09 | 321.75 | OK | --no-vignettes |
r-release-linux-x86_64 | 3.0.0 | 97.60 | 222.91 | 320.51 | OK | --no-vignettes |
r-release-macos-arm64 | 3.0.0 | 342.00 | OK | |||
r-release-macos-x86_64 | 3.0.0 | 458.00 | OK | |||
r-release-windows-x86_64 | 3.0.0 | 95.00 | 652.00 | 747.00 | NOTE | |
r-oldrel-macos-arm64 | 3.0.0 | 224.00 | OK | |||
r-oldrel-windows-x86_64 | 3.0.0 | 110.00 | 650.00 | 760.00 | OK |
Version: 3.0.0
Check: C++ specification
Result: NOTE
Specified C++11: please drop specification unless essential
Flavors: r-devel-windows-x86_64, r-release-windows-x86_64