Last updated on 2022-05-23 01:50:15 CEST.
Flavor | Version | Tinstall | Tcheck | Ttotal | Status | Flags |
---|---|---|---|---|---|---|
r-devel-linux-x86_64-debian-clang | 2.8.2 | 79.04 | 230.64 | 309.68 | OK | --no-vignettes |
r-devel-linux-x86_64-debian-gcc | 2.8.2 | 69.94 | 168.40 | 238.34 | OK | --no-vignettes |
r-devel-linux-x86_64-fedora-clang | 2.8.2 | 675.88 | NOTE | |||
r-devel-linux-x86_64-fedora-gcc | 2.8.2 | 629.23 | NOTE | |||
r-devel-windows-x86_64 | 2.8.2 | 106.00 | 552.00 | 658.00 | OK | |
r-patched-linux-x86_64 | 2.8.2 | 75.46 | 219.85 | 295.31 | OK | --no-vignettes |
r-release-linux-x86_64 | 2.8.2 | 80.05 | 214.20 | 294.25 | OK | --no-vignettes |
r-release-macos-arm64 | 2.8.2 | 208.00 | NOTE | |||
r-release-macos-x86_64 | 2.8.2 | 347.00 | NOTE | |||
r-release-windows-x86_64 | 2.8.2 | 102.00 | 527.00 | 629.00 | OK | |
r-oldrel-macos-arm64 | 2.8.2 | 140.00 | NOTE | |||
r-oldrel-macos-x86_64 | 2.8.2 | 247.00 | NOTE | |||
r-oldrel-windows-ix86+x86_64 | 2.8.2 | 200.00 | 464.00 | 664.00 | OK |
Version: 2.8.2
Check: dependencies in R code
Result: NOTE
Namespace in Imports field not imported from: ‘stringi’
All declared Imports should be used.
Flavors: r-devel-linux-x86_64-fedora-clang, r-devel-linux-x86_64-fedora-gcc, r-release-macos-arm64, r-release-macos-x86_64, r-oldrel-macos-arm64, r-oldrel-macos-x86_64
Version: 2.8.2
Check: installed package size
Result: NOTE
installed size is 5.0Mb
sub-directories of 1Mb or more:
doc 1.4Mb
libs 2.5Mb
Flavor: r-oldrel-macos-arm64