Last updated on 2023-06-02 01:53:48 CEST.
Flavor | Version | Tinstall | Tcheck | Ttotal | Status | Flags |
---|---|---|---|---|---|---|
r-devel-linux-x86_64-debian-clang | 2.2.5 | 187.61 | 538.91 | 726.52 | NOTE | |
r-devel-linux-x86_64-debian-gcc | 2.2.5 | 143.43 | 402.47 | 545.90 | NOTE | |
r-devel-linux-x86_64-fedora-clang | 2.2.5 | 946.59 | NOTE | |||
r-devel-linux-x86_64-fedora-gcc | 2.2.5 | 966.22 | NOTE | |||
r-devel-windows-x86_64 | 2.2.5 | 154.00 | 405.00 | 559.00 | NOTE | |
r-patched-linux-x86_64 | 2.2.5 | NOTE | ||||
r-release-linux-x86_64 | 2.2.5 | 153.27 | 516.44 | 669.71 | NOTE | |
r-release-macos-arm64 | 2.2.5 | 228.00 | NOTE | |||
r-release-macos-x86_64 | 2.2.5 | 391.00 | NOTE | |||
r-release-windows-x86_64 | 2.2.5 | 198.00 | 499.00 | 697.00 | NOTE | |
r-oldrel-macos-arm64 | 2.2.5 | 211.00 | NOTE | |||
r-oldrel-macos-x86_64 | 2.2.5 | 257.00 | NOTE | |||
r-oldrel-windows-x86_64 | 2.2.5 | 186.00 | 469.00 | 655.00 | NOTE |
Version: 2.2.5
Check: C++ specification
Result: NOTE
Specified C++11: please drop specification unless essential
Flavors: r-devel-linux-x86_64-debian-clang, r-devel-linux-x86_64-debian-gcc, r-devel-linux-x86_64-fedora-clang, r-devel-linux-x86_64-fedora-gcc, r-devel-windows-x86_64, r-patched-linux-x86_64, r-release-linux-x86_64, r-release-macos-arm64, r-release-macos-x86_64, r-release-windows-x86_64
Version: 2.2.5
Check: for GNU extensions in Makefiles
Result: NOTE
GNU make is a SystemRequirements.
Flavors: r-devel-linux-x86_64-debian-clang, r-devel-linux-x86_64-debian-gcc, r-devel-linux-x86_64-fedora-clang, r-devel-linux-x86_64-fedora-gcc, r-devel-windows-x86_64, r-patched-linux-x86_64, r-release-linux-x86_64, r-release-macos-arm64, r-release-macos-x86_64, r-release-windows-x86_64, r-oldrel-macos-arm64, r-oldrel-macos-x86_64, r-oldrel-windows-x86_64
Version: 2.2.5
Check: installed package size
Result: NOTE
installed size is 6.4Mb
sub-directories of 1Mb or more:
exampledata 1.5Mb
libs 3.6Mb
Flavors: r-release-macos-arm64, r-release-macos-x86_64, r-oldrel-macos-arm64, r-oldrel-macos-x86_64