Last updated on 2024-08-16 01:48:25 CEST.
Flavor | Version | Tinstall | Tcheck | Ttotal | Status | Flags |
---|---|---|---|---|---|---|
r-devel-linux-x86_64-debian-clang | 1.0.0 | 9.88 | 81.43 | 91.31 | NOTE | |
r-devel-linux-x86_64-debian-gcc | 1.0.0 | 7.65 | 59.92 | 67.57 | NOTE | |
r-devel-linux-x86_64-fedora-clang | 1.0.0 | 140.87 | NOTE | |||
r-devel-linux-x86_64-fedora-gcc | 1.0.0 | 134.41 | NOTE | |||
r-devel-windows-x86_64 | 1.0.0 | 11.00 | 87.00 | 98.00 | NOTE | |
r-patched-linux-x86_64 | 1.0.0 | 9.41 | 77.53 | 86.94 | NOTE | |
r-release-linux-x86_64 | 1.0.0 | 10.32 | 77.97 | 88.29 | NOTE | |
r-release-macos-arm64 | 1.0.0 | 48.00 | NOTE | |||
r-release-macos-x86_64 | 1.0.0 | 61.00 | NOTE | |||
r-release-windows-x86_64 | 1.0.0 | 11.00 | 89.00 | 100.00 | NOTE | |
r-oldrel-macos-arm64 | 1.0.0 | 49.00 | NOTE | |||
r-oldrel-macos-x86_64 | 1.0.0 | 75.00 | NOTE | |||
r-oldrel-windows-x86_64 | 1.0.0 | 16.00 | 109.00 | 125.00 | NOTE |
Version: 1.0.0
Check: LazyData
Result: NOTE
'LazyData' is specified without a 'data' directory
Flavors: r-devel-linux-x86_64-debian-clang, r-devel-linux-x86_64-debian-gcc, r-devel-linux-x86_64-fedora-clang, r-devel-linux-x86_64-fedora-gcc, r-devel-windows-x86_64, r-patched-linux-x86_64, r-release-linux-x86_64, r-release-macos-arm64, r-release-macos-x86_64, r-release-windows-x86_64, r-oldrel-macos-arm64, r-oldrel-macos-x86_64, r-oldrel-windows-x86_64