CRAN Package Check Results for Package openSkies

Last updated on 2025-05-09 01:50:12 CEST.

Flavor Version Tinstall Tcheck Ttotal Status Flags
r-devel-linux-x86_64-debian-clang 1.2.1 17.53 89.38 106.91 NOTE
r-devel-linux-x86_64-debian-gcc 1.2.1 10.57 63.64 74.21 NOTE
r-devel-linux-x86_64-fedora-clang 1.2.1 162.88 OK
r-devel-linux-x86_64-fedora-gcc 1.2.1 170.30 OK
r-devel-windows-x86_64 1.2.1 17.00 114.00 131.00 NOTE
r-patched-linux-x86_64 1.2.1 14.20 81.64 95.84 NOTE
r-release-linux-x86_64 1.2.1 15.57 81.67 97.24 NOTE
r-release-macos-arm64 1.2.1 76.00 OK
r-release-macos-x86_64 1.2.1 130.00 OK
r-release-windows-x86_64 1.2.1 16.00 117.00 133.00 NOTE
r-oldrel-macos-arm64 1.2.1 352.00 OK
r-oldrel-macos-x86_64 1.2.1 82.00 OK
r-oldrel-windows-x86_64 1.2.1 24.00 132.00 156.00 OK

Additional issues

noSuggests

Check Details

Version: 1.2.1
Check: CRAN incoming feasibility
Result: NOTE Maintainer: ‘Rafael Ayala <rafael.ayala@oist.jp>’ No Authors@R field in DESCRIPTION. Please add one, modifying Authors@R: c(person(given = "Rafael", family = "Ayala", role = c("aut", "cre"), email = "rafael.ayala@oist.jp"), person(given = "Daniel", family = "Ayala", role = "aut"), person(given = "David", family = "Ruiz", role = "aut"), person(given = "Aleix", family = "Sellés", role = "aut"), person(given = c("Lara", "Sellés"), family = "Vidal", role = "aut")) as necessary. Flavors: r-devel-linux-x86_64-debian-clang, r-devel-linux-x86_64-debian-gcc

Version: 1.2.1
Check: Rd cross-references
Result: NOTE Found the following Rd file(s) with Rd \link{} targets missing package anchors: ADSBDecoder.Rd: R6Class clusterRoutes.Rd: dbscan, cluster openSkiesAircraft.Rd: R6Class openSkiesAirport.Rd: R6Class openSkiesFlight.Rd: R6Class openSkiesRoute.Rd: R6Class openSkiesStateVector.Rd: R6Class openSkiesStateVectorSet.Rd: R6Class Please provide package anchors for all Rd \link{} targets not in the package itself and the base packages. Flavors: r-devel-linux-x86_64-debian-clang, r-devel-linux-x86_64-debian-gcc, r-devel-windows-x86_64, r-patched-linux-x86_64, r-release-linux-x86_64, r-release-windows-x86_64