CRAN Package Check Results for Package opencpu

Last updated on 2025-04-29 01:49:42 CEST.

Flavor Version Tinstall Tcheck Ttotal Status Flags
r-devel-linux-x86_64-debian-clang 2.2.14 3.47 35.63 39.10 OK
r-devel-linux-x86_64-debian-gcc 2.2.14 3.17 27.72 30.89 OK
r-devel-linux-x86_64-fedora-clang 2.2.14 70.99 OK
r-devel-linux-x86_64-fedora-gcc 2.2.14 74.90 OK
r-devel-windows-x86_64 2.2.14 6.00 56.00 62.00 OK
r-patched-linux-x86_64 2.2.14 4.23 34.94 39.17 OK
r-release-linux-x86_64 2.2.14 4.47 34.59 39.06 OK
r-release-macos-arm64 2.2.14 33.00 OK
r-release-macos-x86_64 2.2.14 97.00 OK
r-release-windows-x86_64 2.2.14 6.00 54.00 60.00 OK
r-oldrel-macos-arm64 2.2.14 29.00 OK
r-oldrel-macos-x86_64 2.2.14 55.00 OK
r-oldrel-windows-x86_64 2.2.14 7.00 61.00 68.00 NOTE

Check Details

Version: 2.2.14
Check: package dependencies
Result: NOTE Package suggested but not available for checking: 'unix' Flavor: r-oldrel-windows-x86_64