Last updated on 2023-05-29 01:56:57 CEST.
Flavor | Version | Tinstall | Tcheck | Ttotal | Status | Flags |
---|---|---|---|---|---|---|
r-devel-linux-x86_64-debian-clang | 1.3.0 | 51.26 | 186.94 | 238.20 | NOTE | |
r-devel-linux-x86_64-debian-gcc | 1.3.0 | 41.14 | 138.31 | 179.45 | NOTE | |
r-devel-linux-x86_64-fedora-clang | 1.3.0 | 305.82 | NOTE | |||
r-devel-linux-x86_64-fedora-gcc | 1.3.0 | 313.35 | NOTE | |||
r-devel-windows-x86_64 | 1.3.0 | 40.00 | 160.00 | 200.00 | NOTE | |
r-patched-linux-x86_64 | 1.3.0 | 54.72 | 172.61 | 227.33 | NOTE | |
r-release-linux-x86_64 | 1.3.0 | 46.09 | 174.26 | 220.35 | NOTE | |
r-release-macos-arm64 | 1.3.0 | 98.00 | NOTE | |||
r-release-macos-x86_64 | 1.3.0 | 151.00 | NOTE | |||
r-release-windows-x86_64 | 1.3.0 | 51.00 | 190.00 | 241.00 | NOTE | |
r-oldrel-macos-arm64 | 1.3.0 | 95.00 | OK | |||
r-oldrel-macos-x86_64 | 1.3.0 | 91.00 | OK | |||
r-oldrel-windows-x86_64 | 1.3.0 | 50.00 | 164.00 | 214.00 | OK |
Version: 1.3.0
Check: Rd \usage sections
Result: NOTE
S3 methods shown with full name in documentation object ‘unary_ops’:
‘log10.ProcessNode’ ‘log10.ProcessGraphParameter’
The \usage entries for S3 methods should use the \method markup and not
their full name.
See chapter ‘Writing R documentation files’ in the ‘Writing R
Extensions’ manual.
Flavors: r-devel-linux-x86_64-debian-clang, r-devel-linux-x86_64-debian-gcc, r-devel-linux-x86_64-fedora-clang, r-devel-linux-x86_64-fedora-gcc, r-devel-windows-x86_64, r-patched-linux-x86_64, r-release-linux-x86_64, r-release-macos-arm64, r-release-macos-x86_64, r-release-windows-x86_64