Last updated on 2025-02-05 02:48:56 CET.
Flavor | Version | Tinstall | Tcheck | Ttotal | Status | Flags |
---|---|---|---|---|---|---|
r-devel-linux-x86_64-debian-clang | 0.0.2 | 1.66 | 20.98 | 22.64 | NOTE | |
r-devel-linux-x86_64-debian-gcc | 0.0.2 | 1.22 | 16.37 | 17.59 | NOTE | |
r-devel-linux-x86_64-fedora-clang | 0.0.2 | 35.61 | NOTE | |||
r-devel-linux-x86_64-fedora-gcc | 0.0.2 | 35.13 | NOTE | |||
r-devel-windows-x86_64 | 0.0.2 | 3.00 | 43.00 | 46.00 | NOTE | |
r-patched-linux-x86_64 | 0.0.2 | 1.60 | 20.37 | 21.97 | OK | |
r-release-linux-x86_64 | 0.0.2 | 1.44 | 20.40 | 21.84 | OK | |
r-release-macos-arm64 | 0.0.2 | 22.00 | OK | |||
r-release-macos-x86_64 | 0.0.2 | 34.00 | OK | |||
r-release-windows-x86_64 | 0.0.2 | 3.00 | 45.00 | 48.00 | OK | |
r-oldrel-macos-arm64 | 0.0.2 | 23.00 | OK | |||
r-oldrel-macos-x86_64 | 0.0.2 | 34.00 | OK | |||
r-oldrel-windows-x86_64 | 0.0.2 | 4.00 | 44.00 | 48.00 | OK |
Version: 0.0.2
Check: DESCRIPTION meta-information
Result: NOTE
Missing dependency on R >= 4.1.0 because package code uses the pipe
|> or function shorthand \(...) syntax added in R 4.1.0.
File(s) using such syntax:
‘create.R’ ‘parse.R’ ‘property.R’
Flavors: r-devel-linux-x86_64-debian-clang, r-devel-linux-x86_64-debian-gcc, r-devel-linux-x86_64-fedora-clang, r-devel-linux-x86_64-fedora-gcc, r-devel-windows-x86_64