Last updated on 2024-05-03 01:51:26 CEST.
Flavor | Version | Tinstall | Tcheck | Ttotal | Status | Flags |
---|---|---|---|---|---|---|
r-devel-linux-x86_64-debian-clang | 0.3.0 | 8.36 | 26.92 | 35.28 | NOTE | |
r-devel-linux-x86_64-debian-gcc | 0.3.0 | 5.52 | 20.45 | 25.97 | NOTE | |
r-devel-linux-x86_64-fedora-clang | 0.3.0 | 43.58 | NOTE | |||
r-devel-linux-x86_64-fedora-gcc | 0.3.0 | 40.74 | NOTE | |||
r-devel-windows-x86_64 | 0.3.0 | 8.00 | 43.00 | 51.00 | NOTE | |
r-patched-linux-x86_64 | 0.3.0 | 5.65 | 25.91 | 31.56 | NOTE | |
r-release-linux-x86_64 | 0.3.0 | 5.08 | 25.92 | 31.00 | NOTE | |
r-release-macos-arm64 | 0.3.0 | 18.00 | NOTE | |||
r-release-windows-x86_64 | 0.3.0 | 6.00 | 42.00 | 48.00 | NOTE | |
r-oldrel-macos-arm64 | 0.3.0 | 19.00 | NOTE | |||
r-oldrel-macos-x86_64 | 0.3.0 | 24.00 | NOTE | |||
r-oldrel-windows-x86_64 | 0.3.0 | 8.00 | 43.00 | 51.00 | NOTE |
Version: 0.3.0
Check: LazyData
Result: NOTE
'LazyData' is specified without a 'data' directory
Flavors: r-devel-linux-x86_64-debian-clang, r-devel-linux-x86_64-debian-gcc, r-devel-linux-x86_64-fedora-clang, r-devel-linux-x86_64-fedora-gcc, r-devel-windows-x86_64, r-patched-linux-x86_64, r-release-linux-x86_64, r-release-macos-arm64, r-release-windows-x86_64, r-oldrel-macos-arm64, r-oldrel-macos-x86_64, r-oldrel-windows-x86_64
Version: 0.3.0
Check: dependencies in R code
Result: NOTE
Namespace in Imports field not imported from: ‘R6’
All declared Imports should be used.
Flavors: r-devel-linux-x86_64-fedora-clang, r-devel-linux-x86_64-fedora-gcc