Last updated on 2024-04-23 01:57:09 CEST.
Flavor | Version | Tinstall | Tcheck | Ttotal | Status | Flags |
---|---|---|---|---|---|---|
r-devel-linux-x86_64-debian-clang | 1.0 | 11.06 | 98.17 | 109.23 | OK | |
r-devel-linux-x86_64-debian-gcc | 1.0 | 9.18 | 76.45 | 85.63 | OK | |
r-devel-linux-x86_64-fedora-clang | 1.0 | 134.40 | NOTE | |||
r-devel-linux-x86_64-fedora-gcc | 1.0 | 130.05 | NOTE | |||
r-prerel-macos-arm64 | 1.0 | 43.00 | OK | |||
r-prerel-windows-x86_64 | 1.0 | 10.00 | 90.00 | 100.00 | OK | |
r-patched-linux-x86_64 | 1.0 | 7.48 | 98.29 | 105.77 | OK | |
r-release-linux-x86_64 | 1.0 | 6.68 | 96.29 | 102.97 | OK | |
r-release-macos-arm64 | 1.0 | 48.00 | OK | |||
r-release-macos-x86_64 | 1.0 | 72.00 | OK | |||
r-release-windows-x86_64 | 1.0 | 13.00 | 104.00 | 117.00 | OK | |
r-oldrel-macos-arm64 | 1.0 | 44.00 | NOTE | |||
r-oldrel-windows-x86_64 | 1.0 | 13.00 | 108.00 | 121.00 | OK |
Version: 1.0
Check: dependencies in R code
Result: NOTE
Namespace in Imports field not imported from: ‘Matrix’
All declared Imports should be used.
Flavors: r-devel-linux-x86_64-fedora-clang, r-devel-linux-x86_64-fedora-gcc, r-oldrel-macos-arm64