Last updated on 2022-06-30 01:49:15 CEST.
Flavor | Version | Tinstall | Tcheck | Ttotal | Status | Flags |
---|---|---|---|---|---|---|
r-devel-linux-x86_64-debian-clang | 2.4-2 | 87.16 | 36.59 | 123.75 | WARN | |
r-devel-linux-x86_64-debian-gcc | 2.4-2 | 72.37 | 27.91 | 100.28 | OK | |
r-devel-linux-x86_64-fedora-clang | 2.4-2 | 205.74 | WARN | |||
r-devel-linux-x86_64-fedora-gcc | 2.4-2 | 170.56 | OK | |||
r-devel-windows-x86_64 | 2.4-2 | 94.00 | 83.00 | 177.00 | OK | |
r-patched-linux-x86_64 | 2.4-2 | 76.29 | 34.40 | 110.69 | OK | |
r-release-linux-x86_64 | 2.4-2 | 72.70 | 34.87 | 107.57 | OK | |
r-release-macos-arm64 | 2.4-2 | 45.00 | NOTE | |||
r-release-macos-x86_64 | 2.4-2 | 71.00 | NOTE | |||
r-release-windows-x86_64 | 2.4-2 | 88.00 | 82.00 | 170.00 | OK | |
r-oldrel-macos-arm64 | 2.4-2 | 45.00 | NOTE | |||
r-oldrel-macos-x86_64 | 2.4-2 | 60.00 | NOTE | |||
r-oldrel-windows-ix86+x86_64 | 2.4-2 | 211.00 | 83.00 | 294.00 | OK |
Version: 2.4-2
Check: whether package can be installed
Result: WARN
Found the following significant warnings:
Forest.cpp:361:9: warning: use of bitwise '&' with boolean operands [-Wbitwise-instead-of-logical]
Flavors: r-devel-linux-x86_64-debian-clang, r-devel-linux-x86_64-fedora-clang
Version: 2.4-2
Check: installed package size
Result: NOTE
installed size is 5.5Mb
sub-directories of 1Mb or more:
libs 5.4Mb
Flavors: r-release-macos-arm64, r-release-macos-x86_64, r-oldrel-macos-arm64, r-oldrel-macos-x86_64