CRAN Package Check Results for Package oreo

Last updated on 2022-12-10 01:51:23 CET.

Flavor Version Tinstall Tcheck Ttotal Status Flags
r-devel-linux-x86_64-debian-clang 1.0 4.45 45.69 50.14 OK
r-devel-linux-x86_64-debian-gcc 1.0 3.54 36.24 39.78 OK
r-devel-linux-x86_64-fedora-clang 1.0 69.44 NOTE
r-devel-linux-x86_64-fedora-gcc 1.0 67.94 NOTE
r-devel-windows-x86_64 1.0 16.00 83.00 99.00 OK
r-patched-linux-x86_64 1.0 4.58 40.15 44.73 OK
r-release-linux-x86_64 1.0 4.86 40.53 45.39 OK
r-release-macos-arm64 1.0 23.00 NOTE
r-release-macos-x86_64 1.0 40.00 NOTE
r-release-windows-x86_64 1.0 17.00 73.00 90.00 OK
r-oldrel-macos-arm64 1.0 27.00 NOTE
r-oldrel-macos-x86_64 1.0 37.00 NOTE
r-oldrel-windows-ix86+x86_64 1.0 12.00 69.00 81.00 OK

Check Details

Version: 1.0
Check: dependencies in R code
Result: NOTE
    Namespaces in Imports field not imported from:
     ‘ggplot2’ ‘gridExtra’ ‘scales’ ‘tools’
     All declared Imports should be used.
Flavors: r-devel-linux-x86_64-fedora-clang, r-devel-linux-x86_64-fedora-gcc, r-release-macos-arm64, r-release-macos-x86_64, r-oldrel-macos-arm64, r-oldrel-macos-x86_64