Last updated on 2024-04-19 01:58:52 CEST.
Flavor | Version | Tinstall | Tcheck | Ttotal | Status | Flags |
---|---|---|---|---|---|---|
r-devel-linux-x86_64-debian-clang | 0.1.1 | 4.54 | 22.57 | 27.11 | OK | |
r-devel-linux-x86_64-debian-gcc | 0.1.1 | 3.81 | 17.88 | 21.69 | OK | |
r-devel-linux-x86_64-fedora-clang | 0.1.1 | 34.86 | NOTE | |||
r-devel-linux-x86_64-fedora-gcc | 0.1.1 | 33.11 | NOTE | |||
r-prerel-macos-arm64 | 0.1.1 | 16.00 | OK | |||
r-prerel-macos-x86_64 | 0.1.1 | 29.00 | OK | |||
r-prerel-windows-x86_64 | 0.1.1 | 5.00 | 40.00 | 45.00 | OK | |
r-patched-linux-x86_64 | 0.1.1 | 3.46 | 22.61 | 26.07 | OK | |
r-release-linux-x86_64 | 0.1.1 | 4.46 | 22.02 | 26.48 | OK | |
r-release-macos-arm64 | 0.1.1 | 20.00 | OK | |||
r-release-macos-x86_64 | 0.1.1 | 33.00 | OK | |||
r-release-windows-x86_64 | 0.1.1 | 5.00 | 40.00 | 45.00 | OK | |
r-oldrel-macos-arm64 | 0.1.1 | 21.00 | OK | |||
r-oldrel-windows-x86_64 | 0.1.1 | 7.00 | 45.00 | 52.00 | OK |
Version: 0.1.1
Check: dependencies in R code
Result: NOTE
Namespaces in Imports field not imported from:
‘R6’ ‘openssl’
All declared Imports should be used.
Flavors: r-devel-linux-x86_64-fedora-clang, r-devel-linux-x86_64-fedora-gcc