Last updated on 2022-05-27 02:50:21 CEST.
Flavor | Version | Tinstall | Tcheck | Ttotal | Status | Flags |
---|---|---|---|---|---|---|
r-devel-linux-x86_64-debian-clang | 0.4.5 | 9.79 | 87.15 | 96.94 | OK | |
r-devel-linux-x86_64-debian-gcc | 0.4.5 | 9.65 | 73.67 | 83.32 | OK | |
r-devel-linux-x86_64-fedora-clang | 0.4.5 | 115.36 | OK | |||
r-devel-linux-x86_64-fedora-gcc | 0.4.5 | 103.74 | OK | |||
r-devel-windows-x86_64 | 0.4.5 | 38.00 | 106.00 | 144.00 | OK | |
r-patched-linux-x86_64 | 0.4.5 | 9.46 | 85.28 | 94.74 | OK | |
r-release-linux-x86_64 | 0.4.5 | 9.90 | 82.85 | 92.75 | OK | |
r-release-macos-arm64 | 0.4.5 | 36.00 | NOTE | |||
r-release-macos-x86_64 | 0.4.5 | 51.00 | OK | |||
r-release-windows-x86_64 | 0.4.5 | 21.00 | 105.00 | 126.00 | OK | |
r-oldrel-macos-arm64 | 0.4.5 | 35.00 | NOTE | |||
r-oldrel-macos-x86_64 | 0.4.5 | 48.00 | OK | |||
r-oldrel-windows-ix86+x86_64 | 0.4.5 | 24.00 | 97.00 | 121.00 | OK |
Version: 0.4.5
Check: installed package size
Result: NOTE
installed size is 5.1Mb
sub-directories of 1Mb or more:
data 4.0Mb
Flavors: r-release-macos-arm64, r-oldrel-macos-arm64