CRAN Package Check Results for Package pBrackets

Last updated on 2025-05-28 01:49:54 CEST.

Flavor Version Tinstall Tcheck Ttotal Status Flags
r-devel-linux-x86_64-debian-clang 1.0.1 1.64 25.58 27.22 NOTE
r-devel-linux-x86_64-debian-gcc 1.0.1 1.51 20.32 21.83 NOTE
r-devel-linux-x86_64-fedora-clang 1.0.1 42.72 OK
r-devel-linux-x86_64-fedora-gcc 1.0.1 55.02 OK
r-devel-windows-x86_64 1.0.1 4.00 52.00 56.00 OK
r-patched-linux-x86_64 1.0.1 1.92 24.68 26.60 OK
r-release-linux-x86_64 1.0.1 1.65 24.54 26.19 OK
r-release-macos-arm64 1.0.1 25.00 OK
r-release-macos-x86_64 1.0.1 43.00 OK
r-release-windows-x86_64 1.0.1 4.00 53.00 57.00 OK
r-oldrel-macos-arm64 1.0.1 23.00 OK
r-oldrel-macos-x86_64 1.0.1 34.00 OK
r-oldrel-windows-x86_64 1.0.1 4.00 54.00 58.00 OK

Check Details

Version: 1.0.1
Check: CRAN incoming feasibility
Result: NOTE Maintainer: ‘Andreas Schulz <ades-s@web.de>’ No Authors@R field in DESCRIPTION. Please add one, modifying Authors@R: person(given = "Andreas", family = "Schulz", role = c("aut", "cre"), email = "ades-s@web.de") as necessary. Flavors: r-devel-linux-x86_64-debian-clang, r-devel-linux-x86_64-debian-gcc