Last updated on 2022-07-04 02:53:38 CEST.
Flavor | Version | Tinstall | Tcheck | Ttotal | Status | Flags |
---|---|---|---|---|---|---|
r-devel-linux-x86_64-debian-clang | 0.9.3 | 9.52 | 199.24 | 208.76 | OK | |
r-devel-linux-x86_64-debian-gcc | 0.9.3 | 9.52 | 132.44 | 141.96 | OK | |
r-devel-linux-x86_64-fedora-clang | 0.9.3 | 237.45 | NOTE | |||
r-devel-linux-x86_64-fedora-gcc | 0.9.3 | 240.20 | NOTE | |||
r-devel-windows-x86_64 | 0.9.3 | 20.00 | 220.00 | 240.00 | OK | |
r-patched-linux-x86_64 | 0.9.3 | 10.71 | 173.00 | 183.71 | OK | |
r-release-linux-x86_64 | 0.9.3 | 10.60 | 176.55 | 187.15 | OK | |
r-release-macos-arm64 | 0.9.3 | 54.00 | NOTE | |||
r-release-macos-x86_64 | 0.9.3 | 98.00 | NOTE | |||
r-release-windows-x86_64 | 0.9.3 | 19.00 | 202.00 | 221.00 | OK | |
r-oldrel-macos-arm64 | 0.9.3 | 70.00 | NOTE | |||
r-oldrel-macos-x86_64 | 0.9.3 | 113.00 | NOTE | |||
r-oldrel-windows-ix86+x86_64 | 0.9.3 | 23.00 | 213.00 | 236.00 | OK |
Version: 0.9.3
Check: dependencies in R code
Result: NOTE
Namespace in Imports field not imported from: ‘base’
All declared Imports should be used.
Flavors: r-devel-linux-x86_64-fedora-clang, r-devel-linux-x86_64-fedora-gcc, r-release-macos-arm64, r-release-macos-x86_64, r-oldrel-macos-arm64, r-oldrel-macos-x86_64