Last updated on 2022-05-18 01:49:58 CEST.
Flavor | Version | Tinstall | Tcheck | Ttotal | Status | Flags |
---|---|---|---|---|---|---|
r-devel-linux-x86_64-debian-clang | 0.2.2 | 29.74 | 377.57 | 407.31 | OK | |
r-devel-linux-x86_64-debian-gcc | 0.2.2 | 23.30 | 273.60 | 296.90 | OK | |
r-devel-linux-x86_64-fedora-clang | 0.2.2 | 506.09 | NOTE | |||
r-devel-linux-x86_64-fedora-gcc | 0.2.2 | 499.75 | NOTE | |||
r-devel-windows-x86_64 | 0.2.2 | 96.00 | 455.00 | 551.00 | OK | |
r-patched-linux-x86_64 | 0.2.2 | 26.78 | 353.59 | 380.37 | OK | |
r-release-linux-x86_64 | 0.2.2 | 28.50 | 356.80 | 385.30 | OK | |
r-release-macos-arm64 | 0.2.2 | 122.00 | NOTE | |||
r-release-macos-x86_64 | 0.2.2 | 207.00 | NOTE | |||
r-release-windows-x86_64 | 0.2.2 | 116.00 | 474.00 | 590.00 | OK | |
r-oldrel-macos-arm64 | 0.2.2 | 187.00 | NOTE | |||
r-oldrel-macos-x86_64 | 0.2.2 | 267.00 | NOTE | |||
r-oldrel-windows-ix86+x86_64 | 0.2.2 | 77.00 | 497.00 | 574.00 | OK |
Version: 0.2.2
Check: package dependencies
Result: NOTE
Imports includes 29 non-default packages.
Importing from so many packages makes the package vulnerable to any of
them becoming unavailable. Move as many as possible to Suggests and
use conditionally.
Flavor: r-devel-linux-x86_64-fedora-clang
Version: 0.2.2
Check: dependencies in R code
Result: NOTE
Namespaces in Imports field not imported from:
‘flexsurv’ ‘nlme’ ‘tibble’ ‘tidyverse’ ‘tm’
All declared Imports should be used.
Flavors: r-devel-linux-x86_64-fedora-clang, r-devel-linux-x86_64-fedora-gcc, r-release-macos-arm64, r-release-macos-x86_64, r-oldrel-macos-arm64, r-oldrel-macos-x86_64