Last updated on 2025-11-25 02:50:34 CET.
| Flavor | Version | Tinstall | Tcheck | Ttotal | Status | Flags |
|---|---|---|---|---|---|---|
| r-devel-linux-x86_64-debian-clang | 0.1.74 | 14.55 | 256.75 | 271.30 | OK | |
| r-devel-linux-x86_64-debian-gcc | 0.1.74 | 0.36 | 2.36 | 2.72 | ERROR | |
| r-devel-linux-x86_64-fedora-clang | 0.1.74 | 2.79 | ERROR | |||
| r-devel-linux-x86_64-fedora-gcc | 0.1.74 | 2.83 | ERROR | |||
| r-devel-windows-x86_64 | 0.1.72 | 20.00 | 221.00 | 241.00 | OK | |
| r-patched-linux-x86_64 | 0.1.72 | 15.08 | 241.85 | 256.93 | OK | |
| r-release-linux-x86_64 | 0.1.74 | 14.62 | 241.20 | 255.82 | OK | |
| r-release-macos-arm64 | 0.1.74 | 3.00 | 62.00 | 65.00 | OK | |
| r-release-macos-x86_64 | 0.1.74 | 15.00 | 274.00 | 289.00 | OK | |
| r-release-windows-x86_64 | 0.1.72 | 16.00 | 222.00 | 238.00 | OK | |
| r-oldrel-macos-arm64 | 0.1.74 | 3.00 | 65.00 | 68.00 | NOTE | |
| r-oldrel-macos-x86_64 | 0.1.74 | 13.00 | 234.00 | 247.00 | NOTE | |
| r-oldrel-windows-x86_64 | 0.1.74 | 21.00 | 294.00 | 315.00 | NOTE |
Version: 0.1.74
Check: package dependencies
Result: ERROR
Package required but not available: ‘tmap’
See section ‘The DESCRIPTION file’ in the ‘Writing R Extensions’
manual.
Flavors: r-devel-linux-x86_64-debian-gcc, r-devel-linux-x86_64-fedora-clang, r-devel-linux-x86_64-fedora-gcc
Version: 0.1.74
Check: installed package size
Result: NOTE
installed size is 7.2Mb
sub-directories of 1Mb or more:
doc 2.0Mb
extdata 4.8Mb
Flavors: r-oldrel-macos-arm64, r-oldrel-macos-x86_64, r-oldrel-windows-x86_64