Last updated on 2024-04-19 01:58:52 CEST.
Flavor | Version | Tinstall | Tcheck | Ttotal | Status | Flags |
---|---|---|---|---|---|---|
r-devel-linux-x86_64-debian-clang | 1.56.1 | 9.89 | 83.04 | 92.93 | NOTE | |
r-devel-linux-x86_64-debian-gcc | 1.56.1 | 8.01 | 61.62 | 69.63 | NOTE | |
r-devel-linux-x86_64-fedora-clang | 1.56.1 | 115.22 | NOTE | |||
r-devel-linux-x86_64-fedora-gcc | 1.56.1 | 110.33 | NOTE | |||
r-prerel-macos-arm64 | 1.56.1 | 33.00 | NOTE | |||
r-prerel-windows-x86_64 | 1.56.1 | 10.00 | 81.00 | 91.00 | NOTE | |
r-patched-linux-x86_64 | 1.56.1 | 8.57 | 79.05 | 87.62 | NOTE | |
r-release-linux-x86_64 | 1.56.1 | 11.72 | 83.10 | 94.82 | NOTE | |
r-release-macos-arm64 | 1.56.1 | 41.00 | NOTE | |||
r-release-macos-x86_64 | 1.56.1 | 65.00 | NOTE | |||
r-release-windows-x86_64 | 1.56.1 | 14.00 | 95.00 | 109.00 | NOTE | |
r-oldrel-macos-arm64 | 1.56.1 | 41.00 | OK | |||
r-oldrel-windows-x86_64 | 1.56.1 | 13.00 | 98.00 | 111.00 | OK |
Version: 1.56.1
Check: Rd \usage sections
Result: NOTE
S3 methods shown with full name in Rd file 'pamr.internal.Rd':
‘print.nsc’ ‘print.nsccv’
The \usage entries for S3 methods should use the \method markup and not
their full name.
See chapter ‘Writing R documentation files’ in the ‘Writing R
Extensions’ manual.
Flavors: r-devel-linux-x86_64-debian-clang, r-devel-linux-x86_64-debian-gcc, r-devel-linux-x86_64-fedora-clang, r-devel-linux-x86_64-fedora-gcc, r-prerel-macos-arm64, r-prerel-windows-x86_64, r-patched-linux-x86_64
Version: 1.56.1
Check: compiled code
Result: NOTE
File ‘pamr/libs/pamr.so’:
Found no calls to: ‘R_registerRoutines’, ‘R_useDynamicSymbols’
It is good practice to register native routines and to disable symbol
search.
See ‘Writing portable packages’ in the ‘Writing R Extensions’ manual.
Flavors: r-devel-linux-x86_64-fedora-clang, r-devel-linux-x86_64-fedora-gcc
Version: 1.56.1
Check: Rd \usage sections
Result: NOTE
S3 methods shown with full name in documentation object 'pamr-internal':
‘print.nsc’ ‘print.nsccv’
The \usage entries for S3 methods should use the \method markup and not
their full name.
See chapter ‘Writing R documentation files’ in the ‘Writing R
Extensions’ manual.
Flavors: r-release-linux-x86_64, r-release-macos-arm64, r-release-macos-x86_64, r-release-windows-x86_64