Last updated on 2025-04-30 02:50:46 CEST.
Flavor | Version | Tinstall | Tcheck | Ttotal | Status | Flags |
---|---|---|---|---|---|---|
r-devel-linux-x86_64-debian-clang | 1.9 | 6.97 | 31.11 | 38.08 | NOTE | |
r-devel-linux-x86_64-debian-gcc | 1.9 | 4.26 | 24.31 | 28.57 | NOTE | |
r-devel-linux-x86_64-fedora-clang | 1.9 | 62.17 | OK | |||
r-devel-linux-x86_64-fedora-gcc | 1.9 | 71.59 | OK | |||
r-devel-windows-x86_64 | 1.9 | 9.00 | 68.00 | 77.00 | OK | |
r-patched-linux-x86_64 | 1.9 | 5.60 | 29.79 | 35.39 | OK | |
r-release-linux-x86_64 | 1.9 | 5.07 | 29.84 | 34.91 | OK | |
r-release-macos-arm64 | 1.9 | 32.00 | OK | |||
r-release-macos-x86_64 | 1.9 | 90.00 | OK | |||
r-release-windows-x86_64 | 1.9 | 11.00 | 70.00 | 81.00 | OK | |
r-oldrel-macos-arm64 | 1.9 | 35.00 | OK | |||
r-oldrel-macos-x86_64 | 1.9 | 44.00 | OK | |||
r-oldrel-windows-x86_64 | 1.9 | 12.00 | 72.00 | 84.00 | OK |
Version: 1.9
Check: CRAN incoming feasibility
Result: NOTE
Maintainer: ‘Jing hua Zhao <jinghuazhao@hotmail.com>’
No Authors@R field in DESCRIPTION.
Please add one, modifying
Authors@R: c(person(given = c("Original", "by", "Joseph", "L."),
family = "Schafer",
role = "aut"),
person(given = c("Jing", "hua"),
family = "Zhao",
role = "cre",
email = "jinghuazhao@hotmail.com"))
as necessary.
Flavors: r-devel-linux-x86_64-debian-clang, r-devel-linux-x86_64-debian-gcc