Last updated on 2024-04-19 01:58:52 CEST.
Flavor | Version | Tinstall | Tcheck | Ttotal | Status | Flags |
---|---|---|---|---|---|---|
r-devel-linux-x86_64-debian-clang | 1.2.13 | 15.12 | 157.87 | 172.99 | NOTE | |
r-devel-linux-x86_64-debian-gcc | 1.2.13 | 12.76 | 123.62 | 136.38 | NOTE | |
r-devel-linux-x86_64-fedora-clang | 1.2.13 | 220.64 | NOTE | |||
r-devel-linux-x86_64-fedora-gcc | 1.2.13 | 210.87 | NOTE | |||
r-prerel-macos-arm64 | 1.2.13 | 64.00 | NOTE | |||
r-prerel-windows-x86_64 | 1.2.13 | 15.00 | 139.00 | 154.00 | NOTE | |
r-patched-linux-x86_64 | 1.2.13 | 9.36 | 156.39 | 165.75 | NOTE | |
r-release-linux-x86_64 | 1.2.13 | 11.50 | 158.04 | 169.54 | NOTE | |
r-release-macos-arm64 | 1.2.13 | 73.00 | NOTE | |||
r-release-macos-x86_64 | 1.2.13 | 116.00 | NOTE | |||
r-release-windows-x86_64 | 1.2.13 | 18.00 | 175.00 | 193.00 | NOTE | |
r-oldrel-macos-arm64 | 1.2.13 | 65.00 | NOTE | |||
r-oldrel-windows-x86_64 | 1.2.13 | 20.00 | 174.00 | 194.00 | NOTE |
Version: 1.2.13
Check: LazyData
Result: NOTE
'LazyData' is specified without a 'data' directory
Flavors: r-devel-linux-x86_64-debian-clang, r-devel-linux-x86_64-debian-gcc, r-devel-linux-x86_64-fedora-clang, r-devel-linux-x86_64-fedora-gcc, r-prerel-macos-arm64, r-prerel-windows-x86_64, r-patched-linux-x86_64, r-release-linux-x86_64, r-release-macos-arm64, r-release-macos-x86_64, r-release-windows-x86_64, r-oldrel-macos-arm64, r-oldrel-windows-x86_64