Last updated on 2024-04-24 01:52:19 CEST.
Flavor | Version | Tinstall | Tcheck | Ttotal | Status | Flags |
---|---|---|---|---|---|---|
r-devel-linux-x86_64-debian-clang | 0.7.8 | 18.97 | 322.73 | 341.70 | OK | |
r-devel-linux-x86_64-debian-gcc | 0.7.8 | 15.82 | 233.24 | 249.06 | OK | |
r-devel-linux-x86_64-fedora-clang | 0.7.8 | 414.73 | NOTE | |||
r-devel-linux-x86_64-fedora-gcc | 0.7.8 | 436.38 | OK | |||
r-prerel-macos-arm64 | 0.7.8 | 96.00 | OK | |||
r-prerel-windows-x86_64 | 0.7.8 | 16.00 | 239.00 | 255.00 | OK | |
r-patched-linux-x86_64 | 0.7.8 | 18.04 | 305.03 | 323.07 | OK | |
r-release-linux-x86_64 | 0.7.8 | 19.72 | 306.79 | 326.51 | OK | |
r-release-macos-arm64 | 0.7.8 | 120.00 | OK | |||
r-release-macos-x86_64 | 0.7.8 | 280.00 | OK | |||
r-release-windows-x86_64 | 0.7.8 | 21.00 | 303.00 | 324.00 | OK | |
r-oldrel-macos-arm64 | 0.7.8 | 112.00 | OK | |||
r-oldrel-windows-x86_64 | 0.7.8 | 23.00 | 295.00 | 318.00 | OK |
Version: 0.7.8
Check: Rd cross-references
Result: NOTE
Undeclared package ‘AER’ in Rd xrefs
Flavor: r-devel-linux-x86_64-fedora-clang