Last updated on 2024-08-16 01:48:25 CEST.
Flavor | Version | Tinstall | Tcheck | Ttotal | Status | Flags |
---|---|---|---|---|---|---|
r-devel-linux-x86_64-debian-clang | 0.7.8 | 17.61 | 245.29 | 262.90 | OK | |
r-devel-linux-x86_64-debian-gcc | 0.7.8 | 11.61 | 162.90 | 174.51 | OK | |
r-devel-linux-x86_64-fedora-clang | 0.7.8 | 416.87 | NOTE | |||
r-devel-linux-x86_64-fedora-gcc | 0.7.8 | 409.12 | OK | |||
r-devel-windows-x86_64 | 0.7.8 | 18.00 | 233.00 | 251.00 | OK | |
r-patched-linux-x86_64 | 0.7.8 | 16.52 | 231.11 | 247.63 | OK | |
r-release-linux-x86_64 | 0.7.8 | 14.70 | 233.12 | 247.82 | OK | |
r-release-macos-arm64 | 0.7.8 | 96.00 | OK | |||
r-release-macos-x86_64 | 0.7.8 | 164.00 | OK | |||
r-release-windows-x86_64 | 0.7.8 | 18.00 | 231.00 | 249.00 | OK | |
r-oldrel-macos-arm64 | 0.7.8 | 120.00 | OK | |||
r-oldrel-macos-x86_64 | 0.7.8 | 280.00 | OK | |||
r-oldrel-windows-x86_64 | 0.7.8 | 23.00 | 301.00 | 324.00 | OK |
Version: 0.7.8
Check: Rd cross-references
Result: NOTE
Undeclared package ‘AER’ in Rd xrefs
Flavor: r-devel-linux-x86_64-fedora-clang