Last updated on 2024-08-16 01:48:25 CEST.
Flavor | Version | Tinstall | Tcheck | Ttotal | Status | Flags |
---|---|---|---|---|---|---|
r-devel-linux-x86_64-debian-clang | 0.1.2.1 | 3.37 | 64.39 | 67.76 | NOTE | |
r-devel-linux-x86_64-debian-gcc | 0.1.2.1 | 2.65 | 46.32 | 48.97 | NOTE | |
r-devel-linux-x86_64-fedora-clang | 0.1.2.1 | 107.20 | NOTE | |||
r-devel-linux-x86_64-fedora-gcc | 0.1.2.1 | 128.44 | NOTE | |||
r-devel-windows-x86_64 | 0.1.2.1 | 6.00 | 87.00 | 93.00 | NOTE | |
r-patched-linux-x86_64 | 0.1.2.1 | 3.69 | 60.47 | 64.16 | NOTE | |
r-release-linux-x86_64 | 0.1.2.1 | 3.44 | 62.14 | 65.58 | NOTE | |
r-release-macos-arm64 | 0.1.2.1 | 41.00 | NOTE | |||
r-release-macos-x86_64 | 0.1.2.1 | 67.00 | NOTE | |||
r-release-windows-x86_64 | 0.1.2.1 | 7.00 | 86.00 | 93.00 | NOTE | |
r-oldrel-macos-arm64 | 0.1.2.1 | 60.00 | OK | |||
r-oldrel-macos-x86_64 | 0.1.2.1 | 117.00 | OK | |||
r-oldrel-windows-x86_64 | 0.1.2.1 | 7.00 | 101.00 | 108.00 | OK |
Version: 0.1.2.1
Check: Rd files
Result: NOTE
checkRd: (-1) panelsummary.Rd:112: Lost braces; missing escapes or markup?
112 | \item `"{exp(estimate) * std.error}"
| ^
checkRd: (-1) panelsummary_raw.Rd:90: Lost braces; missing escapes or markup?
90 | \item `"{exp(estimate) * std.error}"
| ^
Flavors: r-devel-linux-x86_64-debian-clang, r-devel-linux-x86_64-debian-gcc, r-devel-linux-x86_64-fedora-clang, r-devel-linux-x86_64-fedora-gcc, r-devel-windows-x86_64, r-patched-linux-x86_64, r-release-linux-x86_64, r-release-macos-arm64, r-release-macos-x86_64, r-release-windows-x86_64