Last updated on 2024-04-23 01:57:09 CEST.
Flavor | Version | Tinstall | Tcheck | Ttotal | Status | Flags |
---|---|---|---|---|---|---|
r-devel-linux-x86_64-debian-clang | 0.5.5 | 14.49 | 128.16 | 142.65 | NOTE | |
r-devel-linux-x86_64-debian-gcc | 0.5.5 | 10.75 | 93.78 | 104.53 | NOTE | |
r-devel-linux-x86_64-fedora-clang | 0.5.5 | 178.49 | NOTE | |||
r-devel-linux-x86_64-fedora-gcc | 0.5.5 | 168.68 | NOTE | |||
r-prerel-macos-arm64 | 0.5.5 | 45.00 | OK | |||
r-prerel-windows-x86_64 | 0.5.5 | 16.00 | 110.00 | 126.00 | NOTE | |
r-patched-linux-x86_64 | 0.5.5 | 15.14 | 120.89 | 136.03 | NOTE | |
r-release-linux-x86_64 | 0.5.5 | 14.13 | 125.78 | 139.91 | OK | |
r-release-macos-arm64 | 0.5.5 | 52.00 | OK | |||
r-release-macos-x86_64 | 0.5.5 | 90.00 | OK | |||
r-release-windows-x86_64 | 0.5.5 | 19.00 | 126.00 | 145.00 | OK | |
r-oldrel-macos-arm64 | 0.5.5 | 43.00 | OK | |||
r-oldrel-windows-x86_64 | 0.5.5 | 19.00 | 125.00 | 144.00 | OK |
Version: 0.5.5
Check: HTML version of manual
Result: NOTE
Found the following HTML validation problems:
pvargmm.html:141:282 (pvargmm.Rd:79): Warning: trimming empty <p>
Flavors: r-devel-linux-x86_64-debian-clang, r-devel-linux-x86_64-debian-gcc, r-devel-linux-x86_64-fedora-clang, r-devel-linux-x86_64-fedora-gcc, r-prerel-windows-x86_64, r-patched-linux-x86_64