Last updated on 2025-11-12 01:49:05 CET.
| Flavor | Version | Tinstall | Tcheck | Ttotal | Status | Flags |
|---|---|---|---|---|---|---|
| r-devel-linux-x86_64-debian-clang | 0.1.0 | 9.56 | 104.62 | 114.18 | OK | |
| r-devel-linux-x86_64-debian-gcc | 0.1.0 | 7.22 | 75.67 | 82.89 | OK | |
| r-devel-linux-x86_64-fedora-clang | 0.1.0 | 21.00 | 156.79 | 177.79 | NOTE | |
| r-devel-linux-x86_64-fedora-gcc | 0.1.0 | 26.00 | 158.45 | 184.45 | NOTE | |
| r-devel-windows-x86_64 | 0.1.0 | 11.00 | 105.00 | 116.00 | OK | |
| r-patched-linux-x86_64 | 0.1.0 | 10.76 | 100.02 | 110.78 | OK | |
| r-release-linux-x86_64 | 0.1.0 | 9.15 | 99.29 | 108.44 | OK | |
| r-release-macos-arm64 | 0.1.0 | 4.00 | 46.00 | 50.00 | OK | |
| r-release-macos-x86_64 | 0.1.0 | 9.00 | 99.00 | 108.00 | OK | |
| r-release-windows-x86_64 | 0.1.0 | 12.00 | 104.00 | 116.00 | OK | |
| r-oldrel-macos-arm64 | 0.1.0 | 4.00 | 44.00 | 48.00 | OK | |
| r-oldrel-macos-x86_64 | 0.1.0 | 6.00 | 65.00 | 71.00 | OK | |
| r-oldrel-windows-x86_64 | 0.1.0 | 16.00 | 137.00 | 153.00 | OK |
Version: 0.1.0
Check: dependencies in R code
Result: NOTE
Namespace in Imports field not imported from: ‘flexsurv’
All declared Imports should be used.
Flavors: r-devel-linux-x86_64-fedora-clang, r-devel-linux-x86_64-fedora-gcc