Last updated on 2022-05-16 02:51:09 CEST.
Flavor | Version | Tinstall | Tcheck | Ttotal | Status | Flags |
---|---|---|---|---|---|---|
r-devel-linux-x86_64-debian-clang | 0.1.0 | 12.55 | 126.87 | 139.42 | OK | |
r-devel-linux-x86_64-debian-gcc | 0.1.0 | 8.65 | 92.44 | 101.09 | OK | |
r-devel-linux-x86_64-fedora-clang | 0.1.0 | 166.63 | NOTE | |||
r-devel-linux-x86_64-fedora-gcc | 0.1.0 | 155.94 | NOTE | |||
r-devel-windows-x86_64 | 0.1.0 | 39.00 | 131.00 | 170.00 | OK | |
r-patched-linux-x86_64 | 0.1.0 | 12.46 | 115.99 | 128.45 | OK | |
r-release-linux-x86_64 | 0.1.0 | 9.66 | 114.04 | 123.70 | OK | |
r-release-macos-arm64 | 0.1.0 | 34.00 | NOTE | |||
r-release-macos-x86_64 | 0.1.0 | 86.00 | NOTE | |||
r-release-windows-x86_64 | 0.1.0 | 34.00 | 137.00 | 171.00 | OK | |
r-oldrel-macos-arm64 | 0.1.0 | 61.00 | NOTE | |||
r-oldrel-macos-x86_64 | 0.1.0 | 61.00 | NOTE | |||
r-oldrel-windows-ix86+x86_64 | 0.1.0 | 28.00 | 128.00 | 156.00 | OK |
Version: 0.1.0
Check: dependencies in R code
Result: NOTE
Namespace in Imports field not imported from: ‘flexsurv’
All declared Imports should be used.
Flavors: r-devel-linux-x86_64-fedora-clang, r-devel-linux-x86_64-fedora-gcc, r-release-macos-arm64, r-release-macos-x86_64, r-oldrel-macos-arm64, r-oldrel-macos-x86_64