Last updated on 2024-04-19 01:58:52 CEST.
Flavor | Version | Tinstall | Tcheck | Ttotal | Status | Flags |
---|---|---|---|---|---|---|
r-devel-linux-x86_64-debian-clang | 0.1.3 | 57.52 | 70.28 | 127.80 | OK | |
r-devel-linux-x86_64-debian-gcc | 0.1.3 | 40.41 | 53.84 | 94.25 | OK | |
r-devel-linux-x86_64-fedora-clang | 0.1.3 | 162.98 | OK | |||
r-devel-linux-x86_64-fedora-gcc | 0.1.3 | 176.42 | OK | |||
r-prerel-macos-arm64 | 0.1.3 | 53.00 | NOTE | |||
r-prerel-windows-x86_64 | 0.1.3 | 43.00 | 93.00 | 136.00 | OK | |
r-patched-linux-x86_64 | 0.1.3 | 49.80 | 69.06 | 118.86 | OK | |
r-release-linux-x86_64 | 0.1.3 | 38.78 | 66.13 | 104.91 | OK | |
r-release-macos-arm64 | 0.1.3 | 54.00 | NOTE | |||
r-release-macos-x86_64 | 0.1.3 | 99.00 | NOTE | |||
r-release-windows-x86_64 | 0.1.3 | 50.00 | 110.00 | 160.00 | OK | |
r-oldrel-macos-arm64 | 0.1.3 | 52.00 | NOTE | |||
r-oldrel-windows-x86_64 | 0.1.3 | 51.00 | 103.00 | 154.00 | OK |
Version: 0.1.3
Check: installed package size
Result: NOTE
installed size is 7.2Mb
sub-directories of 1Mb or more:
libs 6.8Mb
Flavors: r-prerel-macos-arm64, r-release-macos-arm64, r-release-macos-x86_64, r-oldrel-macos-arm64