Last updated on 2023-05-28 01:54:04 CEST.
Flavor | Version | Tinstall | Tcheck | Ttotal | Status | Flags |
---|---|---|---|---|---|---|
r-devel-linux-x86_64-debian-clang | 0.9.1 | 4.08 | 206.85 | 210.93 | OK | |
r-devel-linux-x86_64-debian-gcc | 0.9.1 | 3.12 | 155.76 | 158.88 | OK | |
r-devel-linux-x86_64-fedora-clang | 0.9.1 | 253.30 | NOTE | |||
r-devel-linux-x86_64-fedora-gcc | 0.9.1 | 257.47 | NOTE | |||
r-devel-windows-x86_64 | 0.9.1 | 6.00 | 173.00 | 179.00 | OK | |
r-patched-linux-x86_64 | 0.9.1 | 5.89 | 196.42 | 202.31 | OK | |
r-release-linux-x86_64 | 0.9.1 | 5.16 | 196.90 | 202.06 | OK | |
r-release-macos-arm64 | 0.9.1 | 78.00 | OK | |||
r-release-macos-x86_64 | 0.9.1 | 133.00 | OK | |||
r-release-windows-x86_64 | 0.9.1 | 7.00 | 221.00 | 228.00 | OK | |
r-oldrel-macos-arm64 | 0.9.1 | 60.00 | NOTE | |||
r-oldrel-macos-x86_64 | 0.9.1 | 108.00 | NOTE | |||
r-oldrel-windows-x86_64 | 0.9.1 | 8.00 | 217.00 | 225.00 | OK |
Version: 0.9.1
Check: dependencies in R code
Result: NOTE
Namespace in Imports field not imported from: ‘methods’
All declared Imports should be used.
Flavors: r-devel-linux-x86_64-fedora-clang, r-devel-linux-x86_64-fedora-gcc, r-oldrel-macos-arm64, r-oldrel-macos-x86_64