Last updated on 2025-11-12 01:49:05 CET.
| Flavor | Version | Tinstall | Tcheck | Ttotal | Status | Flags |
|---|---|---|---|---|---|---|
| r-devel-linux-x86_64-debian-clang | 0.2.4 | 21.97 | 117.12 | 139.09 | NOTE | |
| r-devel-linux-x86_64-debian-gcc | 0.2.4 | 14.32 | 77.70 | 92.02 | NOTE | |
| r-devel-linux-x86_64-fedora-clang | 0.2.4 | 49.00 | 154.15 | 203.15 | NOTE | |
| r-devel-linux-x86_64-fedora-gcc | 0.2.4 | 45.00 | 167.80 | 212.80 | NOTE | |
| r-devel-windows-x86_64 | 0.2.4 | 27.00 | 114.00 | 141.00 | NOTE | |
| r-patched-linux-x86_64 | 0.2.4 | 21.34 | 107.45 | 128.79 | NOTE | |
| r-release-linux-x86_64 | 0.2.4 | 20.13 | 107.35 | 127.48 | NOTE | |
| r-release-macos-arm64 | 0.2.4 | 9.00 | 51.00 | 60.00 | NOTE | |
| r-release-macos-x86_64 | 0.2.4 | 15.00 | 102.00 | 117.00 | OK | |
| r-release-windows-x86_64 | 0.2.4 | 30.00 | 112.00 | 142.00 | NOTE | |
| r-oldrel-macos-arm64 | 0.2.4 | 10.00 | 60.00 | 70.00 | OK | |
| r-oldrel-macos-x86_64 | 0.2.4 | 15.00 | 94.00 | 109.00 | OK | |
| r-oldrel-windows-x86_64 | 0.2.4 | 36.00 | 152.00 | 188.00 | OK |
Version: 0.2.4
Check: DESCRIPTION meta-information
Result: NOTE
Missing dependency on R >= 4.1.0 because package code uses the pipe
|> or function shorthand \(...) syntax added in R 4.1.0.
File(s) using such syntax:
‘evolve.Rd’ ‘genesis.Rd’ ‘simulate.Rd’ ‘wield.Rd’
Flavors: r-devel-linux-x86_64-debian-clang, r-devel-linux-x86_64-debian-gcc, r-devel-linux-x86_64-fedora-clang, r-devel-linux-x86_64-fedora-gcc, r-devel-windows-x86_64, r-patched-linux-x86_64, r-release-linux-x86_64, r-release-macos-arm64, r-release-windows-x86_64