Last updated on 2023-06-03 01:51:25 CEST.
Flavor | Version | Tinstall | Tcheck | Ttotal | Status | Flags |
---|---|---|---|---|---|---|
r-devel-linux-x86_64-debian-clang | 1.0.0 | 62.89 | 101.54 | 164.43 | NOTE | |
r-devel-linux-x86_64-debian-gcc | 1.0.0 | 47.87 | 75.58 | 123.45 | NOTE | |
r-devel-linux-x86_64-fedora-clang | 1.0.0 | 225.00 | NOTE | |||
r-devel-linux-x86_64-fedora-gcc | 1.0.0 | 395.80 | NOTE | |||
r-devel-windows-x86_64 | 1.0.0 | 57.00 | 114.00 | 171.00 | NOTE | |
r-patched-linux-x86_64 | 1.0.0 | NOTE | ||||
r-release-linux-x86_64 | 1.0.0 | 53.74 | 94.84 | 148.58 | NOTE | |
r-release-macos-arm64 | 1.0.0 | 116.00 | NOTE | |||
r-release-macos-x86_64 | 1.0.0 | 177.00 | NOTE | |||
r-release-windows-x86_64 | 1.0.0 | 69.00 | 136.00 | 205.00 | NOTE | |
r-oldrel-macos-arm64 | 1.0.0 | 106.00 | NOTE | |||
r-oldrel-macos-x86_64 | 1.0.0 | 205.00 | NOTE | |||
r-oldrel-windows-x86_64 | 1.0.0 | 66.00 | 132.00 | 198.00 | NOTE |
Version: 1.0.0
Check: C++ specification
Result: NOTE
Specified C++11: please drop specification unless essential
Flavors: r-devel-linux-x86_64-debian-clang, r-devel-linux-x86_64-debian-gcc, r-devel-linux-x86_64-fedora-clang, r-devel-linux-x86_64-fedora-gcc, r-devel-windows-x86_64, r-patched-linux-x86_64, r-release-linux-x86_64, r-release-macos-arm64, r-release-macos-x86_64, r-release-windows-x86_64
Version: 1.0.0
Check: for GNU extensions in Makefiles
Result: NOTE
GNU make is a SystemRequirements.
Flavors: r-devel-linux-x86_64-debian-clang, r-devel-linux-x86_64-debian-gcc, r-devel-linux-x86_64-fedora-clang, r-devel-linux-x86_64-fedora-gcc, r-devel-windows-x86_64, r-patched-linux-x86_64, r-release-linux-x86_64, r-release-macos-arm64, r-release-macos-x86_64, r-release-windows-x86_64, r-oldrel-macos-arm64, r-oldrel-macos-x86_64, r-oldrel-windows-x86_64