CRAN Package Check Results for Package pavo

Last updated on 2022-06-25 01:49:06 CEST.

Flavor Version Tinstall Tcheck Ttotal Status Flags
r-devel-linux-x86_64-debian-clang 2.7.1 15.84 203.31 219.15 OK
r-devel-linux-x86_64-debian-gcc 2.7.1 11.57 143.90 155.47 OK
r-devel-linux-x86_64-fedora-clang 2.7.1 261.56 NOTE
r-devel-linux-x86_64-fedora-gcc 2.7.1 255.03 OK
r-devel-windows-x86_64 2.7.1 62.00 208.00 270.00 OK
r-patched-linux-x86_64 2.7.1 20.56 203.33 223.89 OK
r-release-linux-x86_64 2.7.1 19.35 205.09 224.44 OK
r-release-macos-arm64 2.7.1 118.00 OK
r-release-macos-x86_64 2.7.1 167.00 OK
r-release-windows-x86_64 2.7.1 60.00 213.00 273.00 OK
r-oldrel-macos-arm64 2.7.1 103.00 OK
r-oldrel-macos-x86_64 2.7.1 155.00 OK
r-oldrel-windows-ix86+x86_64 2.7.1 30.00 228.00 258.00 OK

Check Details

Version: 2.7.1
Check: Rd cross-references
Result: NOTE
    Undeclared package ‘future’ in Rd xrefs
Flavor: r-devel-linux-x86_64-fedora-clang