Last updated on 2024-04-23 01:57:09 CEST.
Flavor | Version | Tinstall | Tcheck | Ttotal | Status | Flags |
---|---|---|---|---|---|---|
r-devel-linux-x86_64-debian-clang | 2.9.0 | 18.43 | 254.44 | 272.87 | OK | |
r-devel-linux-x86_64-debian-gcc | 2.9.0 | 14.02 | 173.88 | 187.90 | OK | |
r-devel-linux-x86_64-fedora-clang | 2.9.0 | 330.98 | NOTE | |||
r-devel-linux-x86_64-fedora-gcc | 2.9.0 | 322.61 | OK | |||
r-prerel-macos-arm64 | 2.9.0 | 138.00 | OK | |||
r-prerel-windows-x86_64 | 2.9.0 | 17.00 | 169.00 | 186.00 | OK | |
r-patched-linux-x86_64 | 2.9.0 | 23.30 | 240.95 | 264.25 | OK | |
r-release-linux-x86_64 | 2.9.0 | 17.28 | 213.89 | 231.17 | OK | |
r-release-macos-arm64 | 2.9.0 | 81.00 | OK | |||
r-release-macos-x86_64 | 2.9.0 | 254.00 | OK | |||
r-release-windows-x86_64 | 2.9.0 | 18.00 | 203.00 | 221.00 | OK | |
r-oldrel-macos-arm64 | 2.9.0 | 149.00 | OK | |||
r-oldrel-windows-x86_64 | 2.9.0 | 18.00 | 189.00 | 207.00 | OK |
Version: 2.9.0
Check: Rd cross-references
Result: NOTE
Undeclared package ‘future’ in Rd xrefs
Flavor: r-devel-linux-x86_64-fedora-clang