Last updated on 2022-05-18 01:49:59 CEST.
Flavor | Version | Tinstall | Tcheck | Ttotal | Status | Flags |
---|---|---|---|---|---|---|
r-devel-linux-x86_64-debian-clang | 0.5.1 | 14.34 | 219.41 | 233.75 | OK | |
r-devel-linux-x86_64-debian-gcc | 0.5.1 | 11.39 | 157.89 | 169.28 | OK | |
r-devel-linux-x86_64-fedora-clang | 0.5.1 | 268.44 | NOTE | |||
r-devel-linux-x86_64-fedora-gcc | 0.5.1 | 259.67 | NOTE | |||
r-devel-windows-x86_64 | 0.5.1 | 36.00 | 224.00 | 260.00 | OK | |
r-patched-linux-x86_64 | 0.5.1 | 20.75 | 199.24 | 219.99 | OK | |
r-release-linux-x86_64 | 0.5.1 | 12.62 | 204.16 | 216.78 | OK | |
r-release-macos-arm64 | 0.5.1 | 76.00 | NOTE | |||
r-release-macos-x86_64 | 0.5.1 | 131.00 | NOTE | |||
r-release-windows-x86_64 | 0.5.1 | 41.00 | 233.00 | 274.00 | OK | |
r-oldrel-macos-arm64 | 0.5.1 | 87.00 | NOTE | |||
r-oldrel-macos-x86_64 | 0.5.1 | 133.00 | NOTE | |||
r-oldrel-windows-ix86+x86_64 | 0.5.1 | 31.00 | 227.00 | 258.00 | OK |
Version: 0.5.1
Check: dependencies in R code
Result: NOTE
Namespace in Imports field not imported from: ‘knitr’
All declared Imports should be used.
Flavors: r-devel-linux-x86_64-fedora-clang, r-devel-linux-x86_64-fedora-gcc, r-release-macos-arm64, r-release-macos-x86_64, r-oldrel-macos-arm64, r-oldrel-macos-x86_64