CRAN Package Check Results for Package pcFactorStan

Last updated on 2022-05-24 01:49:59 CEST.

Flavor Version Tinstall Tcheck Ttotal Status Flags
r-devel-linux-x86_64-debian-clang 1.5.3 1097.93 276.04 1373.97 NOTE
r-devel-linux-x86_64-debian-gcc 1.5.3 972.27 252.73 1225.00 NOTE
r-devel-linux-x86_64-fedora-clang 1.5.3 1927.99 NOTE
r-devel-linux-x86_64-fedora-gcc 1.5.3 2010.52 NOTE
r-devel-windows-x86_64 1.5.3 755.00 413.00 1168.00 NOTE
r-patched-linux-x86_64 1.5.3 849.78 327.34 1177.12 NOTE
r-release-linux-x86_64 1.5.3 NOTE
r-release-macos-arm64 1.5.3 406.00 NOTE
r-release-macos-x86_64 1.5.3 789.00 NOTE
r-release-windows-x86_64 1.5.3 685.00 425.00 1110.00 NOTE
r-oldrel-macos-arm64 1.5.3 510.00 NOTE
r-oldrel-macos-x86_64 1.5.3 543.00 NOTE
r-oldrel-windows-ix86+x86_64 1.5.3 609.00 11.00 620.00 ERROR

Check Details

Version: 1.5.3
Check: for GNU extensions in Makefiles
Result: NOTE
    GNU make is a SystemRequirements.
Flavors: r-devel-linux-x86_64-debian-clang, r-devel-linux-x86_64-debian-gcc, r-devel-linux-x86_64-fedora-clang, r-devel-linux-x86_64-fedora-gcc, r-devel-windows-x86_64, r-patched-linux-x86_64, r-release-linux-x86_64, r-release-macos-arm64, r-release-macos-x86_64, r-release-windows-x86_64, r-oldrel-macos-arm64, r-oldrel-macos-x86_64

Version: 1.5.3
Check: installed package size
Result: NOTE
     installed size is 104.1Mb
     sub-directories of 1Mb or more:
     doc 2.9Mb
     libs 100.4Mb
Flavors: r-devel-linux-x86_64-fedora-clang, r-devel-windows-x86_64, r-release-macos-arm64, r-release-macos-x86_64, r-release-windows-x86_64, r-oldrel-macos-arm64, r-oldrel-macos-x86_64

Version: 1.5.3
Check: dependencies in R code
Result: NOTE
    Namespace in Imports field not imported from: ‘rstantools’
     All declared Imports should be used.
Flavors: r-devel-linux-x86_64-fedora-clang, r-devel-linux-x86_64-fedora-gcc, r-release-macos-arm64, r-release-macos-x86_64, r-oldrel-macos-arm64, r-oldrel-macos-x86_64

Version: 1.5.3
Check: whether package can be installed
Result: ERROR
    Installation failed.
Flavor: r-oldrel-windows-ix86+x86_64