Last updated on 2024-04-19 01:58:53 CEST.
Flavor | Version | Tinstall | Tcheck | Ttotal | Status | Flags |
---|---|---|---|---|---|---|
r-devel-linux-x86_64-debian-clang | 4.3.5 | 109.12 | 58.58 | 167.70 | OK | |
r-devel-linux-x86_64-debian-gcc | 4.3.5 | 82.67 | 42.41 | 125.08 | OK | |
r-devel-linux-x86_64-fedora-clang | 4.3.5 | 241.17 | OK | |||
r-devel-linux-x86_64-fedora-gcc | 4.3.5 | 228.76 | OK | |||
r-prerel-macos-arm64 | 4.3.5 | 46.00 | NOTE | |||
r-prerel-windows-x86_64 | 4.3.5 | 115.00 | 82.00 | 197.00 | OK | |
r-patched-linux-x86_64 | 4.3.5 | 105.78 | 54.23 | 160.01 | OK | |
r-release-linux-x86_64 | 4.3.5 | 100.03 | 54.58 | 154.61 | OK | |
r-release-macos-arm64 | 4.3.5 | 51.00 | NOTE | |||
r-release-macos-x86_64 | 4.3.5 | 70.00 | NOTE | |||
r-release-windows-x86_64 | 4.3.5 | 133.00 | 96.00 | 229.00 | OK | |
r-oldrel-macos-arm64 | 4.3.5 | 50.00 | NOTE | |||
r-oldrel-windows-x86_64 | 4.3.5 | 123.00 | 98.00 | 221.00 | OK |
Version: 4.3.5
Check: installed package size
Result: NOTE
installed size is 5.9Mb
sub-directories of 1Mb or more:
extdata 2.7Mb
libs 2.5Mb
Flavors: r-prerel-macos-arm64, r-release-macos-arm64, r-release-macos-x86_64, r-oldrel-macos-arm64