Last updated on 2024-03-29 01:51:13 CET.
Flavor | Version | Tinstall | Tcheck | Ttotal | Status | Flags |
---|---|---|---|---|---|---|
r-devel-linux-x86_64-debian-clang | 0.1.8 | 60.81 | 343.74 | 404.55 | OK | |
r-devel-linux-x86_64-debian-gcc | 0.1.8 | 40.72 | 246.68 | 287.40 | OK | |
r-devel-linux-x86_64-fedora-clang | 0.1.8 | 479.15 | OK | |||
r-devel-linux-x86_64-fedora-gcc | 0.1.8 | 487.74 | OK | |||
r-devel-windows-x86_64 | 0.1.8 | 31.00 | 281.00 | 312.00 | OK | |
r-patched-linux-x86_64 | 0.1.8 | 41.35 | 328.59 | 369.94 | OK | |
r-release-linux-x86_64 | 0.1.8 | 26.69 | 293.24 | 319.93 | OK | |
r-release-macos-arm64 | 0.1.8 | 135.00 | OK | |||
r-release-macos-x86_64 | 0.1.8 | 269.00 | NOTE | |||
r-release-windows-x86_64 | 0.1.8 | 44.00 | 323.00 | 367.00 | OK | |
r-oldrel-macos-arm64 | 0.1.8 | 275.00 | NOTE | |||
r-oldrel-windows-x86_64 | 0.1.8 | 47.00 | 250.00 | 297.00 | OK |
Version: 0.1.8
Check: installed package size
Result: NOTE
installed size is 6.2Mb
sub-directories of 1Mb or more:
R 2.0Mb
doc 1.7Mb
help 2.3Mb
Flavors: r-release-macos-x86_64, r-oldrel-macos-arm64