CRAN Package Check Results for Package pcds

Last updated on 2022-07-02 01:49:03 CEST.

Flavor Version Tinstall Tcheck Ttotal Status Flags
r-devel-linux-x86_64-debian-clang 0.1.4 33.71 280.54 314.25 NOTE
r-devel-linux-x86_64-debian-gcc 0.1.4 30.11 200.37 230.48 NOTE
r-devel-linux-x86_64-fedora-clang 0.1.4 383.98 NOTE
r-devel-linux-x86_64-fedora-gcc 0.1.4 386.61 NOTE
r-devel-windows-x86_64 0.1.4 101.00 304.00 405.00 NOTE
r-patched-linux-x86_64 0.1.4 54.19 292.23 346.42 OK
r-release-linux-x86_64 0.1.4 46.71 296.40 343.11 OK
r-release-macos-arm64 0.1.4 182.00 OK
r-release-macos-x86_64 0.1.4 241.00 OK
r-release-windows-x86_64 0.1.4 108.00 308.00 416.00 OK
r-oldrel-macos-arm64 0.1.4 179.00 OK
r-oldrel-macos-x86_64 0.1.4 248.00 OK
r-oldrel-windows-ix86+x86_64 0.1.4 57.00 318.00 375.00 OK

Check Details

Version: 0.1.4
Check: Rd files
Result: NOTE
    checkRd: (-1) ArcsPEMT.Rd:104: Escaped LaTeX specials: \&
    checkRd: (-1) ArcsPEtri.Rd:109: Escaped LaTeX specials: \&
    checkRd: (-1) Dist.Rd:50: Escaped LaTeX specials: \&
    checkRd: (-1) IncMatPEMT.Rd:85: Escaped LaTeX specials: \&
    checkRd: (-1) IncMatPEtri.Rd:69: Escaped LaTeX specials: \&
    checkRd: (-1) IndNPEbastri.Rd:97: Escaped LaTeX specials: \&
    checkRd: (-1) IndNPEtri.Rd:98: Escaped LaTeX specials: \&
    checkRd: (-1) NPEtri.Rd:83: Escaped LaTeX specials: \&
    checkRd: (-1) NumArcsPEMT.Rd:81: Escaped LaTeX specials: \&
    checkRd: (-1) NumArcsPETe.Rd:62: Escaped LaTeX specials: \&
    checkRd: (-1) NumArcsPEtri.Rd:66: Escaped LaTeX specials: \&
    checkRd: (-1) PEarcdens.tri.Rd:86: Escaped LaTeX specials: \&
    checkRd: (-1) TSArcDensPEMT.Rd:113: Escaped LaTeX specials: \&
    checkRd: (-1) circ.cent.bastri.Rd:92: Escaped LaTeX specials: \&
    checkRd: (-1) cl2edgesTe.Rd:99: Escaped LaTeX specials: \&
    checkRd: (-1) funsMuVarPE2D.Rd:68: Escaped LaTeX specials: \&
    checkRd: (-1) pcds.Rd:61: Escaped LaTeX specials: \&
    checkRd: (-1) plotPEarcsMT.Rd:93: Escaped LaTeX specials: \&
    checkRd: (-1) plotPEarcsTri.Rd:100: Escaped LaTeX specials: \&
    checkRd: (-1) plotPEregsMT.Rd:87: Escaped LaTeX specials: \&
    checkRd: (-1) plotPEregsTri.Rd:101: Escaped LaTeX specials: \&
    checkRd: (-1) rasc.tri.Rd:75: Escaped LaTeX specials: \&
    checkRd: (-1) rascMT.Rd:118: Escaped LaTeX specials: \&
    checkRd: (-1) rascTe.Rd:93: Escaped LaTeX specials: \&
    checkRd: (-1) rseg.tri.Rd:77: Escaped LaTeX specials: \&
    checkRd: (-1) rsegMT.Rd:120: Escaped LaTeX specials: \&
    checkRd: (-1) rsegTe.Rd:92: Escaped LaTeX specials: \&
    checkRd: (-1) runif.bastri.Rd:67: Escaped LaTeX specials: \&
    checkRd: (-1) rv.bastriCM.Rd:119: Escaped LaTeX specials: \&
Flavors: r-devel-linux-x86_64-debian-clang, r-devel-linux-x86_64-debian-gcc, r-devel-linux-x86_64-fedora-clang, r-devel-linux-x86_64-fedora-gcc, r-devel-windows-x86_64