Last updated on 2024-08-16 01:48:25 CEST.
Flavor | Version | Tinstall | Tcheck | Ttotal | Status | Flags |
---|---|---|---|---|---|---|
r-devel-linux-x86_64-debian-clang | 0.9.9 | 2.99 | 40.58 | 43.57 | OK | |
r-devel-linux-x86_64-debian-gcc | 0.9.9 | 2.23 | 31.83 | 34.06 | OK | |
r-devel-linux-x86_64-fedora-clang | 0.9.9 | 70.92 | NOTE | |||
r-devel-linux-x86_64-fedora-gcc | 0.9.9 | 82.87 | NOTE | |||
r-devel-windows-x86_64 | 0.9.9 | 6.00 | 70.00 | 76.00 | OK | |
r-patched-linux-x86_64 | 0.9.9 | 2.80 | 38.61 | 41.41 | OK | |
r-release-linux-x86_64 | 0.9.9 | 2.87 | 39.28 | 42.15 | OK | |
r-release-macos-arm64 | 0.9.9 | 41.00 | OK | |||
r-release-macos-x86_64 | 0.9.9 | 93.00 | OK | |||
r-release-windows-x86_64 | 0.9.9 | 6.00 | 69.00 | 75.00 | OK | |
r-oldrel-macos-arm64 | 0.9.9 | 42.00 | OK | |||
r-oldrel-macos-x86_64 | 0.9.9 | 65.00 | OK | |||
r-oldrel-windows-x86_64 | 0.9.9 | 7.00 | 72.00 | 79.00 | OK |
Version: 0.9.9
Check: data for non-ASCII characters
Result: NOTE
Note: found 11 marked UTF-8 strings
Flavors: r-devel-linux-x86_64-fedora-clang, r-devel-linux-x86_64-fedora-gcc