Last updated on 2024-03-28 01:54:05 CET.
Flavor | Version | Tinstall | Tcheck | Ttotal | Status | Flags |
---|---|---|---|---|---|---|
r-devel-linux-x86_64-debian-clang | 1.2.4 | 114.28 | 101.54 | 215.82 | NOTE | |
r-devel-linux-x86_64-debian-gcc | 1.2.4 | 85.24 | 73.83 | 159.07 | NOTE | |
r-devel-linux-x86_64-fedora-clang | 1.2.4 | 285.77 | NOTE | |||
r-devel-linux-x86_64-fedora-gcc | 1.2.4 | 301.54 | NOTE | |||
r-devel-windows-x86_64 | 1.2.4 | 83.00 | 118.00 | 201.00 | NOTE | |
r-patched-linux-x86_64 | 1.2.4 | 112.69 | 95.98 | 208.67 | NOTE | |
r-release-linux-x86_64 | 1.2.4 | 106.90 | 97.53 | 204.43 | NOTE | |
r-release-macos-arm64 | 1.2.4 | 81.00 | NOTE | |||
r-release-macos-x86_64 | 1.2.4 | 131.00 | NOTE | |||
r-release-windows-x86_64 | 1.2.4 | 104.00 | 130.00 | 234.00 | NOTE | |
r-oldrel-macos-arm64 | 1.2.4 | 73.00 | NOTE | |||
r-oldrel-windows-x86_64 | 1.2.4 | 100.00 | 129.00 | 229.00 | NOTE |
Version: 1.2.4
Check: C++ specification
Result: NOTE
Specified C++11: please drop specification unless essential
Flavors: r-devel-linux-x86_64-debian-clang, r-devel-linux-x86_64-debian-gcc, r-devel-linux-x86_64-fedora-clang, r-devel-linux-x86_64-fedora-gcc, r-devel-windows-x86_64, r-patched-linux-x86_64, r-release-linux-x86_64, r-release-macos-arm64, r-release-macos-x86_64, r-release-windows-x86_64
Version: 1.2.4
Check: Rd files
Result: NOTE
checkRd: (-1) pdkMeans.Rd:63: Lost braces
63 | \cite{C18}{pdSpecEst} for more details. Note that this comes at the cost of increased computation time in comparison to one
| ^
Flavors: r-devel-linux-x86_64-debian-clang, r-devel-linux-x86_64-debian-gcc, r-devel-linux-x86_64-fedora-clang, r-devel-linux-x86_64-fedora-gcc, r-devel-windows-x86_64
Version: 1.2.4
Check: LazyData
Result: NOTE
'LazyData' is specified without a 'data' directory
Flavors: r-devel-linux-x86_64-debian-clang, r-devel-linux-x86_64-debian-gcc, r-devel-linux-x86_64-fedora-clang, r-devel-linux-x86_64-fedora-gcc, r-devel-windows-x86_64, r-patched-linux-x86_64, r-release-linux-x86_64, r-release-macos-arm64, r-release-macos-x86_64, r-release-windows-x86_64, r-oldrel-macos-arm64, r-oldrel-windows-x86_64
Version: 1.2.4
Check: installed package size
Result: NOTE
installed size is 7.5Mb
sub-directories of 1Mb or more:
libs 6.5Mb
Flavors: r-release-macos-arm64, r-release-macos-x86_64, r-oldrel-macos-arm64