Last updated on 2024-04-24 01:52:19 CEST.
Flavor | Version | Tinstall | Tcheck | Ttotal | Status | Flags |
---|---|---|---|---|---|---|
r-devel-linux-x86_64-debian-clang | 1.0.3 | 9.72 | 29.63 | 39.35 | OK | |
r-devel-linux-x86_64-debian-gcc | 1.0.3 | 13.36 | 23.57 | 36.93 | OK | |
r-devel-linux-x86_64-fedora-clang | 1.0.3 | 51.59 | NOTE | |||
r-devel-linux-x86_64-fedora-gcc | 1.0.3 | 59.77 | NOTE | |||
r-prerel-macos-arm64 | 1.0.3 | 50.00 | OK | |||
r-prerel-windows-x86_64 | 1.0.3 | 17.00 | 49.00 | 66.00 | OK | |
r-patched-linux-x86_64 | 1.0.3 | 15.46 | 29.08 | 44.54 | OK | |
r-release-linux-x86_64 | 1.0.3 | 15.38 | 29.62 | 45.00 | OK | |
r-release-macos-arm64 | 1.0.3 | 62.00 | OK | |||
r-release-macos-x86_64 | 1.0.3 | 33.00 | OK | |||
r-release-windows-x86_64 | 1.0.3 | 15.00 | 51.00 | 66.00 | OK | |
r-oldrel-macos-arm64 | 1.0.3 | 59.00 | OK | |||
r-oldrel-windows-x86_64 | 1.0.3 | 21.00 | 55.00 | 76.00 | OK |
Version: 1.0.3
Check: compiled code
Result: NOTE
File ‘pdc/libs/pdc.so’:
Found no calls to: ‘R_registerRoutines’, ‘R_useDynamicSymbols’
It is good practice to register native routines and to disable symbol
search.
See ‘Writing portable packages’ in the ‘Writing R Extensions’ manual.
Flavors: r-devel-linux-x86_64-fedora-clang, r-devel-linux-x86_64-fedora-gcc