Last updated on 2024-04-23 01:57:09 CEST.
Flavor | Version | Tinstall | Tcheck | Ttotal | Status | Flags |
---|---|---|---|---|---|---|
r-devel-linux-x86_64-debian-clang | 0.3.0 | 4.97 | 61.35 | 66.32 | NOTE | |
r-devel-linux-x86_64-debian-gcc | 0.3.0 | 4.07 | 46.59 | 50.66 | NOTE | |
r-devel-linux-x86_64-fedora-clang | 0.3.0 | 82.58 | NOTE | |||
r-devel-linux-x86_64-fedora-gcc | 0.3.0 | 92.22 | NOTE | |||
r-prerel-macos-arm64 | 0.3.0 | 34.00 | NOTE | |||
r-prerel-windows-x86_64 | 0.3.0 | 7.00 | 67.00 | 74.00 | NOTE | |
r-patched-linux-x86_64 | 0.3.0 | 8.12 | 57.86 | 65.98 | NOTE | |
r-release-linux-x86_64 | 0.3.0 | 4.35 | 57.15 | 61.50 | OK | |
r-release-macos-arm64 | 0.3.0 | 40.00 | OK | |||
r-release-macos-x86_64 | 0.3.0 | 53.00 | OK | |||
r-release-windows-x86_64 | 0.3.0 | 7.00 | 73.00 | 80.00 | OK | |
r-oldrel-macos-arm64 | 0.3.0 | 27.00 | OK | |||
r-oldrel-windows-x86_64 | 0.3.0 | 8.00 | 80.00 | 88.00 | OK |
Version: 0.3.0
Check: Rd files
Result: NOTE
checkRd: (-1) keyword_directory.Rd:48: Lost braces
48 | Default pattern is "\\p{WHITE_SPACE}{3,}" which can be interpreted as:
| ^
checkRd: (-1) keyword_directory.Rd:48: Lost braces
48 | Default pattern is "\\p{WHITE_SPACE}{3,}" which can be interpreted as:
| ^
checkRd: (-1) keyword_search.Rd:59: Lost braces
59 | Default pattern is "\\p{WHITE_SPACE}{3,}" which can be interpreted as:
| ^
checkRd: (-1) keyword_search.Rd:59: Lost braces
59 | Default pattern is "\\p{WHITE_SPACE}{3,}" which can be interpreted as:
| ^
Flavors: r-devel-linux-x86_64-debian-clang, r-devel-linux-x86_64-debian-gcc, r-devel-linux-x86_64-fedora-clang, r-devel-linux-x86_64-fedora-gcc, r-prerel-macos-arm64, r-prerel-windows-x86_64, r-patched-linux-x86_64