Last updated on 2024-03-28 01:54:05 CET.
Flavor | Version | Tinstall | Tcheck | Ttotal | Status | Flags |
---|---|---|---|---|---|---|
r-devel-linux-x86_64-debian-clang | 1.2.1 | 2.11 | 22.65 | 24.76 | OK | |
r-devel-linux-x86_64-debian-gcc | 1.2.1 | 2.06 | 17.79 | 19.85 | OK | |
r-devel-linux-x86_64-fedora-clang | 1.2.1 | 31.89 | NOTE | |||
r-devel-linux-x86_64-fedora-gcc | 1.2.1 | 31.07 | NOTE | |||
r-devel-windows-x86_64 | 1.2.1 | 4.00 | 45.00 | 49.00 | OK | |
r-patched-linux-x86_64 | 1.2.1 | 2.82 | 21.67 | 24.49 | OK | |
r-release-linux-x86_64 | 1.2.1 | 2.26 | 21.62 | 23.88 | OK | |
r-release-macos-arm64 | 1.2.1 | 17.00 | OK | |||
r-release-macos-x86_64 | 1.2.1 | 24.00 | OK | |||
r-release-windows-x86_64 | 1.2.1 | 5.00 | 40.00 | 45.00 | OK | |
r-oldrel-macos-arm64 | 1.2.1 | 17.00 | OK | |||
r-oldrel-windows-x86_64 | 1.2.1 | 8.00 | 49.00 | 57.00 | OK |
Version: 1.2.1
Check: compiled code
Result: NOTE
File ‘pdist/libs/pdist.so’:
Found no calls to: ‘R_registerRoutines’, ‘R_useDynamicSymbols’
It is good practice to register native routines and to disable symbol
search.
See ‘Writing portable packages’ in the ‘Writing R Extensions’ manual.
Flavors: r-devel-linux-x86_64-fedora-clang, r-devel-linux-x86_64-fedora-gcc