Last updated on 2023-06-03 01:51:25 CEST.
Flavor | Version | Tinstall | Tcheck | Ttotal | Status | Flags |
---|---|---|---|---|---|---|
r-devel-linux-x86_64-debian-clang | 0.4.0 | 2.60 | 86.42 | 89.02 | NOTE | |
r-devel-linux-x86_64-debian-gcc | 0.4.0 | 1.58 | 65.02 | 66.60 | NOTE | |
r-devel-linux-x86_64-fedora-clang | 0.4.0 | 110.91 | NOTE | |||
r-devel-linux-x86_64-fedora-gcc | 0.4.0 | 119.41 | NOTE | |||
r-devel-windows-x86_64 | 0.4.0 | 5.00 | 173.00 | 178.00 | NOTE | |
r-patched-linux-x86_64 | 0.4.0 | NOTE | ||||
r-release-linux-x86_64 | 0.4.0 | 3.00 | 81.06 | 84.06 | NOTE | |
r-release-macos-arm64 | 0.4.0 | 44.00 | NOTE | |||
r-release-macos-x86_64 | 0.4.0 | 64.00 | NOTE | |||
r-release-windows-x86_64 | 0.4.0 | 5.00 | 91.00 | 96.00 | NOTE | |
r-oldrel-macos-arm64 | 0.4.0 | 49.00 | NOTE | |||
r-oldrel-macos-x86_64 | 0.4.0 | 80.00 | NOTE | |||
r-oldrel-windows-x86_64 | 0.4.0 | 5.00 | 96.00 | 101.00 | NOTE |
Version: 0.4.0
Check: LazyData
Result: NOTE
'LazyData' is specified without a 'data' directory
Flavors: r-devel-linux-x86_64-debian-clang, r-devel-linux-x86_64-debian-gcc, r-devel-linux-x86_64-fedora-clang, r-devel-linux-x86_64-fedora-gcc, r-devel-windows-x86_64, r-patched-linux-x86_64, r-release-linux-x86_64, r-release-macos-arm64, r-release-macos-x86_64, r-release-windows-x86_64, r-oldrel-macos-arm64, r-oldrel-macos-x86_64, r-oldrel-windows-x86_64