CRAN Package Check Results for Package peacesciencer

Last updated on 2022-06-30 01:49:15 CEST.

Flavor Version Tinstall Tcheck Ttotal Status Flags
r-devel-linux-x86_64-debian-clang 1.0.0 47.47 438.15 485.62 OK
r-devel-linux-x86_64-debian-gcc 1.0.0 42.20 324.00 366.20 OK
r-devel-linux-x86_64-fedora-clang 1.0.0 602.48 NOTE
r-devel-linux-x86_64-fedora-gcc 1.0.0 618.93 NOTE
r-devel-windows-x86_64 1.0.0 195.00 582.00 777.00 OK
r-patched-linux-x86_64 1.0.0 53.00 427.35 480.35 OK
r-release-linux-x86_64 1.0.0 47.27 431.72 478.99 OK
r-release-macos-arm64 1.0.0 202.00 NOTE
r-release-macos-x86_64 1.0.0 302.00 NOTE
r-release-windows-x86_64 1.0.0 166.00 578.00 744.00 OK
r-oldrel-macos-arm64 1.0.0 123.00 NOTE
r-oldrel-macos-x86_64 1.0.0 237.00 NOTE
r-oldrel-windows-ix86+x86_64 1.0.0 81.00 761.00 842.00 OK

Check Details

Version: 1.0.0
Check: dependencies in R code
Result: NOTE
    Namespace in Imports field not imported from: ‘lifecycle’
     All declared Imports should be used.
Flavors: r-devel-linux-x86_64-fedora-clang, r-devel-linux-x86_64-fedora-gcc, r-release-macos-arm64, r-release-macos-x86_64, r-oldrel-macos-arm64, r-oldrel-macos-x86_64