Last updated on 2024-08-16 01:48:25 CEST.
Flavor | Version | Tinstall | Tcheck | Ttotal | Status | Flags |
---|---|---|---|---|---|---|
r-devel-linux-x86_64-debian-clang | 0.2.4 | 11.34 | 75.48 | 86.82 | NOTE | |
r-devel-linux-x86_64-debian-gcc | 0.2.4 | 7.75 | 51.85 | 59.60 | NOTE | |
r-devel-linux-x86_64-fedora-clang | 0.2.4 | 139.47 | NOTE | |||
r-devel-linux-x86_64-fedora-gcc | 0.2.4 | 135.17 | NOTE | |||
r-devel-windows-x86_64 | 0.2.4 | 13.00 | 86.00 | 99.00 | NOTE | |
r-patched-linux-x86_64 | 0.2.4 | 20.13 | 69.43 | 89.56 | OK | |
r-release-linux-x86_64 | 0.2.4 | 9.58 | 71.65 | 81.23 | OK | |
r-release-macos-arm64 | 0.2.4 | 39.00 | OK | |||
r-release-macos-x86_64 | 0.2.4 | 57.00 | OK | |||
r-release-windows-x86_64 | 0.2.4 | 12.00 | 86.00 | 98.00 | OK | |
r-oldrel-macos-arm64 | 0.2.4 | 41.00 | OK | |||
r-oldrel-macos-x86_64 | 0.2.4 | 78.00 | OK | |||
r-oldrel-windows-x86_64 | 0.2.4 | 18.00 | 100.00 | 118.00 | OK |
Version: 0.2.4
Check: Rd cross-references
Result: NOTE
Found the following Rd file(s) with Rd \link{} targets missing package
anchors:
pq_plot.Rd: e_theme
Please provide package anchors for all Rd \link{} targets not in the
package itself and the base packages.
Flavors: r-devel-linux-x86_64-debian-clang, r-devel-linux-x86_64-debian-gcc, r-devel-windows-x86_64
Version: 0.2.4
Check: data for non-ASCII characters
Result: NOTE
Note: found 4860 marked UTF-8 strings
Flavors: r-devel-linux-x86_64-fedora-clang, r-devel-linux-x86_64-fedora-gcc