Last updated on 2024-03-28 01:54:05 CET.
Flavor | Version | Tinstall | Tcheck | Ttotal | Status | Flags |
---|---|---|---|---|---|---|
r-devel-linux-x86_64-debian-clang | 1.0.2 | 172.68 | 82.09 | 254.77 | NOTE | |
r-devel-linux-x86_64-debian-gcc | 1.0.2 | 135.18 | 76.31 | 211.49 | NOTE | |
r-devel-linux-x86_64-fedora-clang | 1.0.2 | 382.40 | NOTE | |||
r-devel-linux-x86_64-fedora-gcc | 1.0.2 | 384.12 | NOTE | |||
r-devel-windows-x86_64 | 1.0.2 | 136.00 | 98.00 | 234.00 | NOTE | |
r-patched-linux-x86_64 | 1.0.2 | 167.08 | 96.22 | 263.30 | NOTE | |
r-release-linux-x86_64 | 1.0.2 | 174.47 | 95.98 | 270.45 | NOTE | |
r-release-macos-arm64 | 1.0.2 | 91.00 | NOTE | |||
r-release-macos-x86_64 | 1.0.2 | 151.00 | NOTE | |||
r-release-windows-x86_64 | 1.0.2 | 171.00 | 170.00 | 341.00 | NOTE | |
r-oldrel-macos-arm64 | 1.0.2 | 80.00 | NOTE | |||
r-oldrel-windows-x86_64 | 1.0.2 | 165.00 | 114.00 | 279.00 | OK |
Version: 1.0.2
Check: C++ specification
Result: NOTE
Specified C++11: please drop specification unless essential
Flavors: r-devel-linux-x86_64-debian-clang, r-devel-linux-x86_64-debian-gcc, r-devel-linux-x86_64-fedora-clang, r-devel-linux-x86_64-fedora-gcc, r-devel-windows-x86_64, r-patched-linux-x86_64, r-release-linux-x86_64, r-release-macos-arm64, r-release-macos-x86_64, r-release-windows-x86_64
Version: 1.0.2
Check: installed package size
Result: NOTE
installed size is 6.3Mb
sub-directories of 1Mb or more:
libs 6.1Mb
Flavors: r-release-macos-arm64, r-release-macos-x86_64, r-oldrel-macos-arm64