Last updated on 2024-04-23 01:57:09 CEST.
Flavor | Version | Tinstall | Tcheck | Ttotal | Status | Flags |
---|---|---|---|---|---|---|
r-devel-linux-x86_64-debian-clang | 0.2.13 | 12.00 | 108.02 | 120.02 | NOTE | |
r-devel-linux-x86_64-debian-gcc | 0.2.13 | 10.53 | 80.78 | 91.31 | NOTE | |
r-devel-linux-x86_64-fedora-clang | 0.2.13 | 149.27 | NOTE | |||
r-devel-linux-x86_64-fedora-gcc | 0.2.13 | 159.32 | NOTE | |||
r-prerel-macos-arm64 | 0.2.13 | 47.00 | NOTE | |||
r-prerel-windows-x86_64 | 0.2.13 | 11.00 | 105.00 | 116.00 | NOTE | |
r-patched-linux-x86_64 | 0.2.13 | 9.19 | 104.58 | 113.77 | NOTE | |
r-release-linux-x86_64 | 0.2.13 | 13.74 | 103.37 | 117.11 | NOTE | |
r-release-macos-arm64 | 0.2.13 | 69.00 | NOTE | |||
r-release-macos-x86_64 | 0.2.13 | 90.00 | NOTE | |||
r-release-windows-x86_64 | 0.2.13 | 13.00 | 116.00 | 129.00 | NOTE | |
r-oldrel-macos-arm64 | 0.2.13 | 46.00 | OK | |||
r-oldrel-windows-x86_64 | 0.2.13 | 13.00 | 123.00 | 136.00 | OK |
Version: 0.2.13
Check: Rd files
Result: NOTE
checkRd: (-1) my.bspline.Rd:21: Escaped LaTeX specials: \$ \$ \$ \$ \$ \$
checkRd: (-1) my.bspline.Rd:27: Escaped LaTeX specials: \$ \$ \$
checkRd: (-1) pendensity.Rd:52: Escaped LaTeX specials: \$
checkRd: (-1) pendensity.Rd:57: Escaped LaTeX specials: \$ \$
checkRd: (-1) pendensity.Rd:66: Escaped LaTeX specials: \$
checkRd: (-1) pendensity.Rd:82: Escaped LaTeX specials: \$ \$
checkRd: (-1) pendensity.Rd:96: Escaped LaTeX specials: \$
checkRd: (-1) pendensity.Rd:100: Escaped LaTeX specials: \$
checkRd: (-1) pendensity.Rd:105: Escaped LaTeX specials: \$
checkRd: (-1) pendensity.Rd:109: Escaped LaTeX specials: \$
Flavors: r-devel-linux-x86_64-debian-clang, r-devel-linux-x86_64-debian-gcc, r-devel-linux-x86_64-fedora-clang, r-devel-linux-x86_64-fedora-gcc, r-prerel-macos-arm64, r-prerel-windows-x86_64, r-patched-linux-x86_64, r-release-linux-x86_64, r-release-macos-arm64, r-release-macos-x86_64, r-release-windows-x86_64