CRAN Package Check Results for Package permGS

Last updated on 2022-06-30 01:49:15 CEST.

Flavor Version Tinstall Tcheck Ttotal Status Flags
r-devel-linux-x86_64-debian-clang 0.2.5 10.03 87.31 97.34 NOTE
r-devel-linux-x86_64-debian-gcc 0.2.5 7.38 65.95 73.33 NOTE
r-devel-linux-x86_64-fedora-clang 0.2.5 123.63 NOTE
r-devel-linux-x86_64-fedora-gcc 0.2.5 126.15 NOTE
r-devel-windows-x86_64 0.2.5 19.00 110.00 129.00 NOTE
r-patched-linux-x86_64 0.2.5 7.32 83.57 90.89 NOTE
r-release-linux-x86_64 0.2.5 9.00 83.60 92.60 NOTE
r-release-macos-arm64 0.2.5 36.00 NOTE
r-release-macos-x86_64 0.2.5 65.00 NOTE
r-release-windows-x86_64 0.2.5 18.00 113.00 131.00 NOTE
r-oldrel-macos-arm64 0.2.5 40.00 NOTE
r-oldrel-macos-x86_64 0.2.5 66.00 NOTE
r-oldrel-windows-ix86+x86_64 0.2.5 20.00 106.00 126.00 NOTE

Check Details

Version: 0.2.5
Check: LazyData
Result: NOTE
     'LazyData' is specified without a 'data' directory
Flavors: r-devel-linux-x86_64-debian-clang, r-devel-linux-x86_64-debian-gcc, r-devel-linux-x86_64-fedora-clang, r-devel-linux-x86_64-fedora-gcc, r-devel-windows-x86_64, r-patched-linux-x86_64, r-release-linux-x86_64, r-release-macos-arm64, r-release-macos-x86_64, r-release-windows-x86_64, r-oldrel-macos-arm64, r-oldrel-macos-x86_64, r-oldrel-windows-ix86+x86_64