Last updated on 2022-07-01 01:49:38 CEST.
Flavor | Version | Tinstall | Tcheck | Ttotal | Status | Flags |
---|---|---|---|---|---|---|
r-devel-linux-x86_64-debian-clang | 0.9-7 | 3.49 | 56.45 | 59.94 | NOTE | |
r-devel-linux-x86_64-debian-gcc | 0.9-7 | 3.33 | 42.30 | 45.63 | NOTE | |
r-devel-linux-x86_64-fedora-clang | 0.9-7 | 81.03 | NOTE | |||
r-devel-linux-x86_64-fedora-gcc | 0.9-7 | 81.42 | NOTE | |||
r-devel-windows-x86_64 | 0.9-7 | 57.00 | 93.00 | 150.00 | NOTE | |
r-patched-linux-x86_64 | 0.9-7 | 3.69 | 53.74 | 57.43 | OK | |
r-release-linux-x86_64 | 0.9-7 | 3.91 | 53.30 | 57.21 | OK | |
r-release-macos-arm64 | 0.9-7 | 26.00 | OK | |||
r-release-macos-x86_64 | 0.9-7 | 40.00 | OK | |||
r-release-windows-x86_64 | 0.9-7 | 44.00 | 98.00 | 142.00 | OK | |
r-oldrel-macos-arm64 | 0.9-7 | 36.00 | OK | |||
r-oldrel-macos-x86_64 | 0.9-7 | 75.00 | OK | |||
r-oldrel-windows-ix86+x86_64 | 0.9-7 | 10.00 | 84.00 | 94.00 | OK |
Version: 0.9-7
Check: Rd files
Result: NOTE
checkRd: (-1) jackal.Rd:32: Escaped LaTeX specials: \&
Flavors: r-devel-linux-x86_64-debian-clang, r-devel-linux-x86_64-debian-gcc, r-devel-linux-x86_64-fedora-clang, r-devel-linux-x86_64-fedora-gcc, r-devel-windows-x86_64