Last updated on 2025-06-29 01:48:40 CEST.
Flavor | Version | Tinstall | Tcheck | Ttotal | Status | Flags |
---|---|---|---|---|---|---|
r-devel-linux-x86_64-debian-clang | 1.1 | 7.48 | 61.67 | 69.15 | NOTE | |
r-devel-linux-x86_64-debian-gcc | 1.1 | 5.26 | 44.68 | 49.94 | NOTE | |
r-devel-linux-x86_64-fedora-clang | 1.1 | 103.84 | OK | |||
r-devel-linux-x86_64-fedora-gcc | 1.1 | 97.13 | OK | |||
r-devel-windows-x86_64 | 1.1 | 9.00 | 75.00 | 84.00 | OK | |
r-patched-linux-x86_64 | OK | |||||
r-release-linux-x86_64 | 1.1 | 6.97 | 58.19 | 65.16 | OK | |
r-release-macos-arm64 | 1.1 | 31.00 | OK | |||
r-release-macos-x86_64 | 1.1 | 57.00 | OK | |||
r-release-windows-x86_64 | 1.1 | 9.00 | 73.00 | 82.00 | OK | |
r-oldrel-macos-arm64 | 1.1 | 29.00 | OK | |||
r-oldrel-macos-x86_64 | 1.1 | 46.00 | OK | |||
r-oldrel-windows-x86_64 | 1.1 | 11.00 | 89.00 | 100.00 | OK |
Version: 1.1
Check: CRAN incoming feasibility
Result: NOTE
Maintainer: ‘Kenneth B. Hoehn <perspectev@gmail.com>’
Package CITATION file contains call(s) to old-style citEntry(). Please
use bibentry() instead.
The Description field contains
http://evolve.zoo.ox.ac.uk/Evolve/Perspectev.html.
Please enclose URLs in angle brackets (<...>).
Flavors: r-devel-linux-x86_64-debian-clang, r-devel-linux-x86_64-debian-gcc