Last updated on 2025-10-08 02:51:47 CEST.
Flavor | Version | Tinstall | Tcheck | Ttotal | Status | Flags |
---|---|---|---|---|---|---|
r-devel-linux-x86_64-debian-clang | 0.8.2 | 2.55 | 47.52 | 50.07 | NOTE | |
r-devel-linux-x86_64-debian-gcc | 0.8.2 | 1.99 | 37.68 | 39.67 | NOTE | |
r-devel-linux-x86_64-fedora-clang | 0.8.2 | 74.63 | NOTE | |||
r-devel-linux-x86_64-fedora-gcc | 0.8.2 | 85.65 | NOTE | |||
r-devel-windows-x86_64 | 0.8.2 | 6.00 | 71.00 | 77.00 | NOTE | |
r-patched-linux-x86_64 | 0.8.2 | 3.02 | 44.08 | 47.10 | NOTE | |
r-release-linux-x86_64 | 0.8.2 | 2.77 | 44.40 | 47.17 | NOTE | |
r-release-macos-arm64 | 0.8.2 | 35.00 | NOTE | |||
r-release-macos-x86_64 | 0.8.2 | 79.00 | NOTE | |||
r-release-windows-x86_64 | 0.8.2 | 4.00 | 64.00 | 68.00 | NOTE | |
r-oldrel-macos-arm64 | 0.8.2 | 38.00 | NOTE | |||
r-oldrel-macos-x86_64 | 0.8.2 | 75.00 | NOTE | |||
r-oldrel-windows-x86_64 | 0.8.2 | 7.00 | 77.00 | 84.00 | NOTE |
Version: 0.8.2
Check: package subdirectories
Result: NOTE
Problems with news in ‘NEWS.md’:
Cannot extract version info from the following section titles:
Fixed issues
Flavors: r-devel-linux-x86_64-debian-clang, r-devel-linux-x86_64-debian-gcc, r-devel-linux-x86_64-fedora-clang, r-devel-linux-x86_64-fedora-gcc, r-devel-windows-x86_64, r-patched-linux-x86_64, r-release-linux-x86_64, r-release-macos-arm64, r-release-macos-x86_64, r-release-windows-x86_64, r-oldrel-macos-arm64, r-oldrel-macos-x86_64, r-oldrel-windows-x86_64
Version: 0.8.2
Check: LazyData
Result: NOTE
'LazyData' is specified without a 'data' directory
Flavors: r-oldrel-macos-arm64, r-oldrel-macos-x86_64, r-oldrel-windows-x86_64