Last updated on 2025-04-30 01:50:30 CEST.
Flavor | Version | Tinstall | Tcheck | Ttotal | Status | Flags |
---|---|---|---|---|---|---|
r-devel-linux-x86_64-debian-clang | 2.0.3 | 5.12 | 60.80 | 65.92 | NOTE | |
r-devel-linux-x86_64-debian-gcc | 2.0.3 | 5.03 | 45.02 | 50.05 | OK | |
r-devel-linux-x86_64-fedora-clang | 2.0.3 | 109.73 | OK | |||
r-devel-linux-x86_64-fedora-gcc | 2.0.3 | 114.63 | OK | |||
r-devel-windows-x86_64 | 2.0.3 | 8.00 | 95.00 | 103.00 | OK | |
r-patched-linux-x86_64 | 2.0.3 | 6.62 | 58.63 | 65.25 | OK | |
r-release-linux-x86_64 | 2.0.3 | 6.48 | 57.54 | 64.02 | OK | |
r-release-macos-arm64 | 2.0.3 | 35.00 | OK | |||
r-release-macos-x86_64 | 2.0.3 | 64.00 | OK | |||
r-release-windows-x86_64 | 2.0.3 | 9.00 | 86.00 | 95.00 | OK | |
r-oldrel-macos-arm64 | 2.0.3 | 31.00 | OK | |||
r-oldrel-macos-x86_64 | 2.0.3 | 45.00 | OK | |||
r-oldrel-windows-x86_64 | 2.0.3 | 9.00 | 94.00 | 103.00 | OK |
Version: 2.0.3
Check: examples
Result: NOTE
Examples with CPU (user + system) or elapsed time > 5s
user system elapsed
PermTest 4.761 0.006 7.037
Flavor: r-devel-linux-x86_64-debian-clang