Last updated on 2019-12-15 19:48:46 CET.
Flavor | Version | Tinstall | Tcheck | Ttotal | Status | Flags |
---|---|---|---|---|---|---|
r-devel-linux-x86_64-debian-clang | 1.6.9 | 12.19 | 109.49 | 121.68 | NOTE | |
r-devel-linux-x86_64-debian-gcc | 1.6.9 | 11.87 | 85.58 | 97.45 | NOTE | |
r-devel-linux-x86_64-fedora-clang | 1.6.9 | 150.77 | NOTE | |||
r-devel-linux-x86_64-fedora-gcc | 1.6.9 | 144.74 | NOTE | |||
r-devel-windows-ix86+x86_64 | 1.6.9 | 30.00 | 190.00 | 220.00 | OK | |
r-devel-windows-ix86+x86_64-gcc8 | 1.6.9 | 30.00 | 194.00 | 224.00 | OK | |
r-patched-linux-x86_64 | 1.6.9 | 11.40 | 101.38 | 112.78 | OK | |
r-patched-solaris-x86 | 1.6.9 | 204.80 | OK | |||
r-release-linux-x86_64 | 1.6.9 | 10.72 | 99.75 | 110.47 | OK | |
r-release-windows-ix86+x86_64 | 1.6.9 | 26.00 | 136.00 | 162.00 | OK | |
r-release-osx-x86_64 | 1.6.9 | OK | ||||
r-oldrel-windows-ix86+x86_64 | 1.6.9 | 16.00 | 126.00 | 142.00 | OK | |
r-oldrel-osx-x86_64 | 1.6.9 | OK |
Version: 1.6.9
Check: for non-standard things in the check directory
Result: NOTE
Found the following files/directories:
'Myfile.txt'
Flavors: r-devel-linux-x86_64-debian-clang, r-devel-linux-x86_64-debian-gcc, r-devel-linux-x86_64-fedora-clang, r-devel-linux-x86_64-fedora-gcc